{"id":195,"date":"2016-03-16T17:58:27","date_gmt":"2016-03-16T17:58:27","guid":{"rendered":"https:\/\/www.critical-stages.org\/7\/?page_id=195"},"modified":"2016-03-19T13:26:21","modified_gmt":"2016-03-19T13:26:21","slug":"essays-celebrating-theatre","status":"publish","type":"page","link":"https:\/\/www.critical-stages.org\/7\/essays-celebrating-theatre\/","title":{"rendered":"Essays: Celebrating Theatre"},"content":{"rendered":"<p><strong>Maria Helena Ser\u00f4dio<\/strong><a href=\"#end1\"><sup>[1]<\/sup><\/a><\/p>\n<p><img loading=\"lazy\" decoding=\"async\" class=\"alignnone size-medium wp-image-196\" src=\"https:\/\/www.critical-stages.org\/7\/wp-content\/uploads\/sites\/9\/2016\/03\/1010857304-237x300.jpg\" alt=\"1010857304\" width=\"237\" height=\"300\" srcset=\"https:\/\/www.critical-stages.org\/7\/wp-content\/uploads\/sites\/9\/2016\/03\/1010857304-237x300.jpg 237w, https:\/\/www.critical-stages.org\/7\/wp-content\/uploads\/sites\/9\/2016\/03\/1010857304.jpg 633w\" sizes=\"auto, (max-width: 237px) 100vw, 237px\" \/><\/p>\n<p>Perhaps the key to the four essays included in this issue of <em>Critical Stages<\/em> is the acknowledgement that theatre is a meeting place not only for the arts in general, but also for people who come together to see how theatre may represent the world or, more precisely, how it refashions the world (and ourselves) according to critical stands, artistic procedures, intercultural negotiations and \u2013 sometimes \u2013 wishful thinking.<\/p>\n<p>Maria Shevtsova, in a very illuminating appraisal, elaborates on the ten performances presented in Berlin \u2013 at the Theatertreffen 2012 \u2013 that gathered some of the most prestigious directors and offered inspired productions. Some classics were revisited leading to performances that were a real challenge to audiences. It was the case of <em>Faust I &amp; II<\/em>, directed by Nicolas Stemann (Thalia TTheater, in Hamburg), that was eight hours and a half long, or of <em>John Gabriel Bokmann<\/em>, in a German and Norwich co-production, directed by Vegard Vinge, Ida M\u00fcller and Trond Reinholdsten. In this latter case, more relevant than the time it lasted (around 12 hours) it was the provocation of some of the scenes that could target at a recent and most painful experience as the massacre in the island of Ut\u00f8ya near Oslo.<\/p>\n<p>Other trends of contemporary theatre were included in the festival as was the case of a nostalgic reenactment of both classical and contemporary dramas (as those recalling Sarah Kane\u2019s universe or Chekhov\u2019s <em>Platonov<\/em>, directed, respectively, by Johan Simons and Alvis Hermanis), as well as documentary drama, the aesthetics of the ugly, \u201cpost-dramatic\u201d agendas, or a political reconsideration on the genocide in Rwanda <a href=\"http:\/\/archive.criticalstages.org\/criticalstages7\/entry\/Essays-Celebrating-Theatre?category=5#_ftn2_4032\" name=\"_ftnref2_4032\">[2]<\/a>.<\/p>\n<p>The meeting point evoked by Patrice Pavis in his essay is the gallery at KEPCO Art Centre in Seoul, South Korea. He reports on the multimedia installation created by Park Eunyoung and proves how it offered the visitor unexpected interactions and confrontations of different arts: film, video, visual arts, poetry, animated photographs or music did come together, thus creating hybrid art forms and alluring atmospheres. Focusing on the body (mostly the feminine body) in different situations of joy, love and violence, it allowed the visitor to compose his\/her own dramaturgy according to very personal sensitivities.<\/p>\n<p>Margareta S\u00f6renson recalls the centennial of Strindberg\u2019s death \u2013 celebrated in 2012, even if with little or no support by the Swedish government \u2013 and questions his presence in today\u2019s theatre. And one of the points she stresses is not only his broad scientific interests (including anthropology and psychology) and the political debate he engaged in, but also his varied and outstanding artistic program that included poetry, novels, theatre, painting, photograph, etc. But it is his approach to modernism and his interest in shadow plays and puppetry \u2013 with a keen eye on Kasper as popular mass culture \u2013 that would prove to be decisive in his cross-over \u201cGesamtkunstwerk\u201d as part of his work as a playwright and theatre director.<\/p>\n<p>Manabu Noda argues how cultural identity can be retrospectively formed and negotiated through traditional theatre as the archive of historical gazes. It is important to note how this identity has been negotiated with other cultures and how this may also prove to work as the \u201cother\u201d within the Japanese in general.<\/p>\n<hr \/>\n<p><img loading=\"lazy\" decoding=\"async\" class=\"alignnone size-thumbnail wp-image-196\" src=\"https:\/\/www.critical-stages.org\/7\/wp-content\/uploads\/sites\/9\/2016\/03\/1010857304-150x150.jpg\" alt=\"1010857304\" width=\"150\" height=\"150\" srcset=\"https:\/\/www.critical-stages.org\/7\/wp-content\/uploads\/sites\/9\/2016\/03\/1010857304-150x150.jpg 150w, https:\/\/www.critical-stages.org\/7\/wp-content\/uploads\/sites\/9\/2016\/03\/1010857304-270x270.jpg 270w, https:\/\/www.critical-stages.org\/7\/wp-content\/uploads\/sites\/9\/2016\/03\/1010857304-230x230.jpg 230w\" sizes=\"auto, (max-width: 150px) 100vw, 150px\" \/><\/p>\n<p><a name=\"end1\">[1]<\/a> <strong>Maria Helena Ser\u00f4dio<\/strong> is Full Professor at the Faculty of Letters, University of Lisbon, where she directs the post-graduate Program on Theatre Studies. She has published widely on English and Portuguese Drama, Comparative Studies and Theatre Studies in various national and international journals, newspapers and collective books, and is the Director of the Portuguese theatre journal <em>Sinais de cena<\/em>, co-published by the Portuguese Association of Theatre Critics and the Centre for Theatre Studies. She is the President of the Portuguese Association of Theatre Critics and directs a research project at the Centre for Theatre Studies of the University of Lisbon (CETbase, an online extensive data basis of theatre in Portugal (<a href=\"http:\/\/ww3.fl.ul.pt\/CETbase\/\" target=\"_blank\">http:\/\/ww3.fl.ul.pt\/CETbase\/<\/a>) She has edited several books on theatre and is author of, among others, <em>William Shakespeare: A sedu\u00e7\u00e3o dos sentidos<\/em> (<em>William Shakespeare: Seducing the Senses<\/em>). Lisboa: Cosmos, 1996, and <em>Questionar apaixonadamente: O teatro na vida de Lu\u00eds Miguel Cintra<\/em> (<em>Passionately questioning: The Theatre in Lu\u00eds Miguel Cintra\u2019s Life<\/em>). Lisboa: Cotovia, 2001, <em>and A Rep\u00fablica das Artes: Teatro <\/em>(<em>The Republic of the Arts: Theatre<\/em>), Lisboa: Tugaland, 2010.<br \/>\n<a href=\"http:\/\/archive.criticalstages.org\/criticalstages7\/entry\/Essays-Celebrating-Theatre?category=5#_ftnref2_4032\" name=\"_ftn2_4032\">[2]<\/a> In 2000, the Belgian theatre company Groupov staged a brilliant and moving performance on the genocide &#8211; <em>Rwanda 94<\/em> &#8211; directed by Jacques Delcuvellerie. A special double issue of <em>Alternatives th\u00e9\u00e2trales<\/em> was dedicated to the production (N. 67-68): <em>Rwanda 94. Le th\u00e9\u00e2tre face au genocide<\/em>. <em>Groupov, r\u00e9cit d\u2019une cr\u00e9ation<\/em>. More recently, a film directed by Marie-France Collard, recalling the presentation of that performance in Rwanda in 2004 (ten years after the genocide) was released: <em>Rwanda: \u00c0 travers nous, l\u00b4humanit\u00e9<\/em> (2006).<\/p>\n<hr \/>\n<div class=\"pt-cv-wrapper\"><div class=\"pt-cv-view pt-cv-grid pt-cv-colsys\" id=\"pt-cv-view-30495098ec\"><div data-id=\"pt-cv-page-1\" class=\"pt-cv-page\" data-cvc=\"2\"><div class=\"col-md-6 col-sm-6 col-xs-12 pt-cv-content-item pt-cv-1-col\" ><div class='pt-cv-ifield'><a href=\"https:\/\/www.critical-stages.org\/7\/the-fabric-of-traditional-theatre-archived-memories-and-the-question-of-cultural-ownership\/\" class=\"_self pt-cv-href-thumbnail pt-cv-thumb-default\" target=\"_self\" ><img loading=\"lazy\" decoding=\"async\" width=\"150\" height=\"150\" src=\"https:\/\/www.critical-stages.org\/7\/wp-content\/uploads\/sites\/9\/2016\/03\/Noda-150x150.jpg\" class=\"pt-cv-thumbnail\" alt=\"\" srcset=\"https:\/\/www.critical-stages.org\/7\/wp-content\/uploads\/sites\/9\/2016\/03\/Noda-150x150.jpg 150w, https:\/\/www.critical-stages.org\/7\/wp-content\/uploads\/sites\/9\/2016\/03\/Noda-270x270.jpg 270w, https:\/\/www.critical-stages.org\/7\/wp-content\/uploads\/sites\/9\/2016\/03\/Noda-230x230.jpg 230w\" sizes=\"auto, (max-width: 150px) 100vw, 150px\" \/><\/a>\n<h4 class=\"pt-cv-title\"><a href=\"https:\/\/www.critical-stages.org\/7\/the-fabric-of-traditional-theatre-archived-memories-and-the-question-of-cultural-ownership\/\" class=\"_self\" target=\"_self\" >The Fabric of Traditional Theatre:  Archived Memories and the Question of Cultural Ownership<\/a><\/h4><\/div><\/div>\n<div class=\"col-md-6 col-sm-6 col-xs-12 pt-cv-content-item pt-cv-1-col\" ><div class='pt-cv-ifield'><a href=\"https:\/\/www.critical-stages.org\/7\/the-shadow-of-august-strindberg\/\" class=\"_self pt-cv-href-thumbnail pt-cv-thumb-default\" target=\"_self\" ><img loading=\"lazy\" decoding=\"async\" width=\"150\" height=\"150\" src=\"https:\/\/www.critical-stages.org\/7\/wp-content\/uploads\/sites\/9\/2016\/03\/Sorenson-150x150.jpg\" class=\"pt-cv-thumbnail\" alt=\"\" srcset=\"https:\/\/www.critical-stages.org\/7\/wp-content\/uploads\/sites\/9\/2016\/03\/Sorenson-150x150.jpg 150w, https:\/\/www.critical-stages.org\/7\/wp-content\/uploads\/sites\/9\/2016\/03\/Sorenson-270x270.jpg 270w, https:\/\/www.critical-stages.org\/7\/wp-content\/uploads\/sites\/9\/2016\/03\/Sorenson-230x230.jpg 230w\" sizes=\"auto, (max-width: 150px) 100vw, 150px\" \/><\/a>\n<h4 class=\"pt-cv-title\"><a href=\"https:\/\/www.critical-stages.org\/7\/the-shadow-of-august-strindberg\/\" class=\"_self\" target=\"_self\" >The Shadow of August Strindberg<\/a><\/h4><\/div><\/div>\n<div class=\"col-md-6 col-sm-6 col-xs-12 pt-cv-content-item pt-cv-1-col\" ><div class='pt-cv-ifield'><a href=\"https:\/\/www.critical-stages.org\/7\/les-fleurs-et-les-pleurs-a-propos-de-linstallation-et-du-theatre-multimedia-de-park-eunyoung\/\" class=\"_self pt-cv-href-thumbnail pt-cv-thumb-default\" target=\"_self\" ><img loading=\"lazy\" decoding=\"async\" width=\"150\" height=\"150\" src=\"https:\/\/www.critical-stages.org\/7\/wp-content\/uploads\/sites\/9\/2016\/03\/Pavis-150x150.jpg\" class=\"pt-cv-thumbnail\" alt=\"\" srcset=\"https:\/\/www.critical-stages.org\/7\/wp-content\/uploads\/sites\/9\/2016\/03\/Pavis-150x150.jpg 150w, https:\/\/www.critical-stages.org\/7\/wp-content\/uploads\/sites\/9\/2016\/03\/Pavis-270x270.jpg 270w, https:\/\/www.critical-stages.org\/7\/wp-content\/uploads\/sites\/9\/2016\/03\/Pavis-230x230.jpg 230w\" sizes=\"auto, (max-width: 150px) 100vw, 150px\" \/><\/a>\n<h4 class=\"pt-cv-title\"><a href=\"https:\/\/www.critical-stages.org\/7\/les-fleurs-et-les-pleurs-a-propos-de-linstallation-et-du-theatre-multimedia-de-park-eunyoung\/\" class=\"_self\" target=\"_self\" >Les fleurs et les pleurs :  A propos de l\u2019installation et du th\u00e9\u00e2tre multim\u00e9dia de Park Eunyoung<\/a><\/h4><\/div><\/div>\n<div class=\"col-md-6 col-sm-6 col-xs-12 pt-cv-content-item pt-cv-1-col\" ><div class='pt-cv-ifield'><a href=\"https:\/\/www.critical-stages.org\/7\/an-overview-of-theatertreffen-in-berlin-2012\/\" class=\"_self pt-cv-href-thumbnail pt-cv-thumb-default\" target=\"_self\" ><img loading=\"lazy\" decoding=\"async\" width=\"141\" height=\"150\" src=\"https:\/\/www.critical-stages.org\/7\/wp-content\/uploads\/sites\/9\/2016\/03\/1034012634-141x150.jpg\" class=\"pt-cv-thumbnail\" alt=\"\" \/><\/a>\n<h4 class=\"pt-cv-title\"><a href=\"https:\/\/www.critical-stages.org\/7\/an-overview-of-theatertreffen-in-berlin-2012\/\" class=\"_self\" target=\"_self\" >An Overview of  Theatertreffen in Berlin 2012<\/a><\/h4><\/div><\/div><\/div><\/div><\/div>\n","protected":false},"excerpt":{"rendered":"<p>Maria Helena Ser\u00f4dio[1] Perhaps the key to the four essays included in this issue of Critical Stages is the acknowledgement that theatre is a meeting place not only for the arts in general, but also for people who come together<\/p>\n","protected":false},"author":1,"featured_media":0,"parent":0,"menu_order":0,"comment_status":"closed","ping_status":"closed","template":"","meta":{"jetpack_post_was_ever_published":false,"footnotes":""},"class_list":["post-195","page","type-page","status-publish","hentry","","tg-column-two"],"jetpack_sharing_enabled":true,"jetpack_shortlink":"https:\/\/wp.me\/P7moa7-39","_links":{"self":[{"href":"https:\/\/www.critical-stages.org\/7\/wp-json\/wp\/v2\/pages\/195","targetHints":{"allow":["GET"]}}],"collection":[{"href":"https:\/\/www.critical-stages.org\/7\/wp-json\/wp\/v2\/pages"}],"about":[{"href":"https:\/\/www.critical-stages.org\/7\/wp-json\/wp\/v2\/types\/page"}],"author":[{"embeddable":true,"href":"https:\/\/www.critical-stages.org\/7\/wp-json\/wp\/v2\/users\/1"}],"replies":[{"embeddable":true,"href":"https:\/\/www.critical-stages.org\/7\/wp-json\/wp\/v2\/comments?post=195"}],"version-history":[{"count":0,"href":"https:\/\/www.critical-stages.org\/7\/wp-json\/wp\/v2\/pages\/195\/revisions"}],"wp:attachment":[{"href":"https:\/\/www.critical-stages.org\/7\/wp-json\/wp\/v2\/media?parent=195"}],"curies":[{"name":"wp","href":"https:\/\/api.w.org\/{rel}","templated":true}]}}

<p><strong>Maria Helena Serôdio</strong><a href="#end1"><sup>[1]</sup></a></p>
<p><img loading="lazy" decoding="async" class="alignnone size-medium wp-image-196" src="https://www.critical-stages.org/7/wp-content/uploads/sites/9/2016/03/1010857304-237x300.jpg" alt="1010857304" width="237" height="300" srcset="https://www.critical-stages.org/7/wp-content/uploads/sites/9/2016/03/1010857304-237x300.jpg 237w, https://www.critical-stages.org/7/wp-content/uploads/sites/9/2016/03/1010857304.jpg 633w" sizes="auto, (max-width: 237px) 100vw, 237px" /></p>
<p>Perhaps the key to the four essays included in this issue of <em>Critical Stages</em> is the acknowledgement that theatre is a meeting place not only for the arts in general, but also for people who come together to see how theatre may represent the world or, more precisely, how it refashions the world (and ourselves) according to critical stands, artistic procedures, intercultural negotiations and – sometimes – wishful thinking.</p>
<p>Maria Shevtsova, in a very illuminating appraisal, elaborates on the ten performances presented in Berlin – at the Theatertreffen 2012 – that gathered some of the most prestigious directors and offered inspired productions. Some classics were revisited leading to performances that were a real challenge to audiences. It was the case of <em>Faust I &amp; II</em>, directed by Nicolas Stemann (Thalia TTheater, in Hamburg), that was eight hours and a half long, or of <em>John Gabriel Bokmann</em>, in a German and Norwich co-production, directed by Vegard Vinge, Ida Müller and Trond Reinholdsten. In this latter case, more relevant than the time it lasted (around 12 hours) it was the provocation of some of the scenes that could target at a recent and most painful experience as the massacre in the island of Utøya near Oslo.</p>
<p>Other trends of contemporary theatre were included in the festival as was the case of a nostalgic reenactment of both classical and contemporary dramas (as those recalling Sarah Kane’s universe or Chekhov’s <em>Platonov</em>, directed, respectively, by Johan Simons and Alvis Hermanis), as well as documentary drama, the aesthetics of the ugly, “post-dramatic” agendas, or a political reconsideration on the genocide in Rwanda <a href="http://archive.criticalstages.org/criticalstages7/entry/Essays-Celebrating-Theatre?category=5#_ftn2_4032" name="_ftnref2_4032">[2]</a>.</p>
<p>The meeting point evoked by Patrice Pavis in his essay is the gallery at KEPCO Art Centre in Seoul, South Korea. He reports on the multimedia installation created by Park Eunyoung and proves how it offered the visitor unexpected interactions and confrontations of different arts: film, video, visual arts, poetry, animated photographs or music did come together, thus creating hybrid art forms and alluring atmospheres. Focusing on the body (mostly the feminine body) in different situations of joy, love and violence, it allowed the visitor to compose his/her own dramaturgy according to very personal sensitivities.</p>
<p>Margareta Sörenson recalls the centennial of Strindberg’s death – celebrated in 2012, even if with little or no support by the Swedish government – and questions his presence in today’s theatre. And one of the points she stresses is not only his broad scientific interests (including anthropology and psychology) and the political debate he engaged in, but also his varied and outstanding artistic program that included poetry, novels, theatre, painting, photograph, etc. But it is his approach to modernism and his interest in shadow plays and puppetry – with a keen eye on Kasper as popular mass culture – that would prove to be decisive in his cross-over “Gesamtkunstwerk” as part of his work as a playwright and theatre director.</p>
<p>Manabu Noda argues how cultural identity can be retrospectively formed and negotiated through traditional theatre as the archive of historical gazes. It is important to note how this identity has been negotiated with other cultures and how this may also prove to work as the “other” within the Japanese in general.</p>
<hr />
<p><img loading="lazy" decoding="async" class="alignnone size-thumbnail wp-image-196" src="https://www.critical-stages.org/7/wp-content/uploads/sites/9/2016/03/1010857304-150x150.jpg" alt="1010857304" width="150" height="150" srcset="https://www.critical-stages.org/7/wp-content/uploads/sites/9/2016/03/1010857304-150x150.jpg 150w, https://www.critical-stages.org/7/wp-content/uploads/sites/9/2016/03/1010857304-270x270.jpg 270w, https://www.critical-stages.org/7/wp-content/uploads/sites/9/2016/03/1010857304-230x230.jpg 230w" sizes="auto, (max-width: 150px) 100vw, 150px" /></p>
<p><a name="end1">[1]</a> <strong>Maria Helena Serôdio</strong> is Full Professor at the Faculty of Letters, University of Lisbon, where she directs the post-graduate Program on Theatre Studies. She has published widely on English and Portuguese Drama, Comparative Studies and Theatre Studies in various national and international journals, newspapers and collective books, and is the Director of the Portuguese theatre journal <em>Sinais de cena</em>, co-published by the Portuguese Association of Theatre Critics and the Centre for Theatre Studies. She is the President of the Portuguese Association of Theatre Critics and directs a research project at the Centre for Theatre Studies of the University of Lisbon (CETbase, an online extensive data basis of theatre in Portugal (<a href="http://ww3.fl.ul.pt/CETbase/" target="_blank">http://ww3.fl.ul.pt/CETbase/</a>) She has edited several books on theatre and is author of, among others, <em>William Shakespeare: A sedução dos sentidos</em> (<em>William Shakespeare: Seducing the Senses</em>). Lisboa: Cosmos, 1996, and <em>Questionar apaixonadamente: O teatro na vida de Luís Miguel Cintra</em> (<em>Passionately questioning: The Theatre in Luís Miguel Cintra’s Life</em>). Lisboa: Cotovia, 2001, <em>and A República das Artes: Teatro </em>(<em>The Republic of the Arts: Theatre</em>), Lisboa: Tugaland, 2010.<br />
<a href="http://archive.criticalstages.org/criticalstages7/entry/Essays-Celebrating-Theatre?category=5#_ftnref2_4032" name="_ftn2_4032">[2]</a> In 2000, the Belgian theatre company Groupov staged a brilliant and moving performance on the genocide &#8211; <em>Rwanda 94</em> &#8211; directed by Jacques Delcuvellerie. A special double issue of <em>Alternatives théâtrales</em> was dedicated to the production (N. 67-68): <em>Rwanda 94. Le théâtre face au genocide</em>. <em>Groupov, récit d’une création</em>. More recently, a film directed by Marie-France Collard, recalling the presentation of that performance in Rwanda in 2004 (ten years after the genocide) was released: <em>Rwanda: À travers nous, l´humanité</em> (2006).</p>
<hr />
<div class="pt-cv-wrapper"><div class="pt-cv-view pt-cv-grid pt-cv-colsys" id="pt-cv-view-30495098ec"><div data-id="pt-cv-page-1" class="pt-cv-page" data-cvc="2"><div class="col-md-6 col-sm-6 col-xs-12 pt-cv-content-item pt-cv-1-col" ><div class='pt-cv-ifield'><a href="https://www.critical-stages.org/7/the-fabric-of-traditional-theatre-archived-memories-and-the-question-of-cultural-ownership/" class="_self pt-cv-href-thumbnail pt-cv-thumb-default" target="_self" ><img loading="lazy" decoding="async" width="150" height="150" src="https://www.critical-stages.org/7/wp-content/uploads/sites/9/2016/03/Noda-150x150.jpg" class="pt-cv-thumbnail" alt="" srcset="https://www.critical-stages.org/7/wp-content/uploads/sites/9/2016/03/Noda-150x150.jpg 150w, https://www.critical-stages.org/7/wp-content/uploads/sites/9/2016/03/Noda-270x270.jpg 270w, https://www.critical-stages.org/7/wp-content/uploads/sites/9/2016/03/Noda-230x230.jpg 230w" sizes="auto, (max-width: 150px) 100vw, 150px" /></a>
<h4 class="pt-cv-title"><a href="https://www.critical-stages.org/7/the-fabric-of-traditional-theatre-archived-memories-and-the-question-of-cultural-ownership/" class="_self" target="_self" >The Fabric of Traditional Theatre:  Archived Memories and the Question of Cultural Ownership</a></h4></div></div>
<div class="col-md-6 col-sm-6 col-xs-12 pt-cv-content-item pt-cv-1-col" ><div class='pt-cv-ifield'><a href="https://www.critical-stages.org/7/the-shadow-of-august-strindberg/" class="_self pt-cv-href-thumbnail pt-cv-thumb-default" target="_self" ><img loading="lazy" decoding="async" width="150" height="150" src="https://www.critical-stages.org/7/wp-content/uploads/sites/9/2016/03/Sorenson-150x150.jpg" class="pt-cv-thumbnail" alt="" srcset="https://www.critical-stages.org/7/wp-content/uploads/sites/9/2016/03/Sorenson-150x150.jpg 150w, https://www.critical-stages.org/7/wp-content/uploads/sites/9/2016/03/Sorenson-270x270.jpg 270w, https://www.critical-stages.org/7/wp-content/uploads/sites/9/2016/03/Sorenson-230x230.jpg 230w" sizes="auto, (max-width: 150px) 100vw, 150px" /></a>
<h4 class="pt-cv-title"><a href="https://www.critical-stages.org/7/the-shadow-of-august-strindberg/" class="_self" target="_self" >The Shadow of August Strindberg</a></h4></div></div>
<div class="col-md-6 col-sm-6 col-xs-12 pt-cv-content-item pt-cv-1-col" ><div class='pt-cv-ifield'><a href="https://www.critical-stages.org/7/les-fleurs-et-les-pleurs-a-propos-de-linstallation-et-du-theatre-multimedia-de-park-eunyoung/" class="_self pt-cv-href-thumbnail pt-cv-thumb-default" target="_self" ><img loading="lazy" decoding="async" width="150" height="150" src="https://www.critical-stages.org/7/wp-content/uploads/sites/9/2016/03/Pavis-150x150.jpg" class="pt-cv-thumbnail" alt="" srcset="https://www.critical-stages.org/7/wp-content/uploads/sites/9/2016/03/Pavis-150x150.jpg 150w, https://www.critical-stages.org/7/wp-content/uploads/sites/9/2016/03/Pavis-270x270.jpg 270w, https://www.critical-stages.org/7/wp-content/uploads/sites/9/2016/03/Pavis-230x230.jpg 230w" sizes="auto, (max-width: 150px) 100vw, 150px" /></a>
<h4 class="pt-cv-title"><a href="https://www.critical-stages.org/7/les-fleurs-et-les-pleurs-a-propos-de-linstallation-et-du-theatre-multimedia-de-park-eunyoung/" class="_self" target="_self" >Les fleurs et les pleurs :  A propos de l’installation et du théâtre multimédia de Park Eunyoung</a></h4></div></div>
<div class="col-md-6 col-sm-6 col-xs-12 pt-cv-content-item pt-cv-1-col" ><div class='pt-cv-ifield'><a href="https://www.critical-stages.org/7/an-overview-of-theatertreffen-in-berlin-2012/" class="_self pt-cv-href-thumbnail pt-cv-thumb-default" target="_self" ><img loading="lazy" decoding="async" width="141" height="150" src="https://www.critical-stages.org/7/wp-content/uploads/sites/9/2016/03/1034012634-141x150.jpg" class="pt-cv-thumbnail" alt="" /></a>
<h4 class="pt-cv-title"><a href="https://www.critical-stages.org/7/an-overview-of-theatertreffen-in-berlin-2012/" class="_self" target="_self" >An Overview of  Theatertreffen in Berlin 2012</a></h4></div></div></div></div></div>

<p>Maria Helena Serôdio[1] Perhaps the key to the four essays included in this issue of Critical Stages is the acknowledgement that theatre is a meeting place not only for the arts in general, but also for people who come together</p>
