{"id":865,"date":"2025-12-15T19:02:23","date_gmt":"2025-12-15T19:02:23","guid":{"rendered":"https:\/\/www.critical-stages.org\/32\/?page_id=865"},"modified":"2026-01-03T19:23:53","modified_gmt":"2026-01-03T19:23:53","slug":"table-of-contents","status":"publish","type":"page","link":"https:\/\/www.critical-stages.org\/32\/table-of-contents\/","title":{"rendered":"Table of Contents"},"content":{"rendered":"\n<p>Editorial Note:&nbsp;<a href=\"https:\/\/www.critical-stages.org\/32\/editorial-note\/\">Remapping Theatre in an Era of Sociopolitical Uncertainty<\/a><br>Note \u00e9ditoriale : <a href=\"https:\/\/www.critical-stages.org\/32\/note-editoriale\/\" data-type=\"link\" data-id=\"https:\/\/www.critical-stages.org\/32\/note-editoriale\/\">Red\u00e9finir le th\u00e9\u00e2tre \u00e0 une \u00e9poque d\u2019incertitude sociopolitique<\/a><br><a href=\"https:\/\/www.critical-stages.org\/32\/cs-issue-no-32-editors\/\">Savas Patsalidis<\/a>, Editor-in-Chief<\/p>\n\n\n\n<h5 class=\"wp-block-heading\"><strong>Special Topic<\/strong><\/h5>\n\n\n\n<p><strong>REMAPPING ASIAN THEATRES<\/strong><br><strong>Towards Inter-Asia Theatre Studies: Modernity, Historical Conditions and Changing Ways of Seeing<\/strong><br>Guest Editors:&nbsp;<a href=\"https:\/\/www.critical-stages.org\/32\/cs-issue-no-32-editors\/\">Jen-Hao Hsu (Walter)<\/a>,&nbsp;<a href=\"https:\/\/www.critical-stages.org\/32\/cs-issue-no-32-editors\/\">Sir Anril P. Tiatco<\/a>, and&nbsp;<a href=\"https:\/\/www.critical-stages.org\/32\/cs-issue-no-32-editors\/\">Deniz Ba\u015far<\/a><\/p>\n\n\n\n<p><a href=\"https:\/\/www.critical-stages.org\/32\/introduction-encountering-the-immediate-other-towards-inter-asia-theatre-studies\/\">Introduction<\/a><br><a href=\"https:\/\/www.critical-stages.org\/32\/introduction-encountering-the-immediate-other-towards-inter-asia-theatre-studies\/\">Encountering the Immediate Other: Towards Inter-Asia Theatre Studies<\/a><br>Walter Jen-Hau Hsu, Deniz Ba\u0219ar, S Anril Tiatco<\/p>\n\n\n\n<p><a href=\"https:\/\/www.critical-stages.org\/32\/transhistorical-dialogues-recanonizing-shakespeare-on-the-contemporary-turkish-stage\/\">Transhistorical Dialogues: Recanonizing Shakespeare on the Contemporary Turkish Stage<\/a><br>Burak Urucu<\/p>\n\n\n\n<p><a href=\"https:\/\/www.critical-stages.org\/32\/cross-cultural-reinterpretation-the-evolution-of-mime-in-1980s-china\/\">Cross-Cultural Reinterpretation: The Evolution of Mime in 1980s China<\/a><br>Yiping HUANG<\/p>\n\n\n\n<p><a href=\"https:\/\/www.critical-stages.org\/32\/performing-ecology-dap-ay-as-a-performative-model-in-the-aanak-di-kabiligan-community-theatres-staging-of-balitok-voices-from-the-mines\/\">Performing Ecology\u2014Dap-ay as a Performative Model in the Aanak di Kabiligan Community Theatre\u2019s Staging of&nbsp;Balitok: Voices from the Mines<\/a><br>Roger Federico<\/p>\n\n\n\n<p><a href=\"https:\/\/www.critical-stages.org\/32\/traditional-kabuki-from-business-practice-to-national-policy\/\">\u2018Traditional\u2019 Kabuki \u2013 from Business Practice to National Policy<\/a><br>Tove Johanna Bjoerk<\/p>\n\n\n\n<p><a href=\"https:\/\/www.critical-stages.org\/32\/in-a-state-of-constant-migration-conversation-with-fatma-onat\/\">In A State of Constant Migration: Conversation With Fatma Onat<\/a><br>Fatma Onat and Deniz Ba\u015far<\/p>\n\n\n\n<p><a href=\"https:\/\/www.critical-stages.org\/32\/traces-of-a-lost-archive-four-selected-theatre-criticisms-by-fatma-onat-from-2010s-istanbul\/\">Traces of a Lost Archive: Four Selected Theatre Criticisms by Fatma Onat from 2010s\u2019 \u0130stanbul<\/a><br>Fatma Onat<\/p>\n\n\n\n<p><a href=\"https:\/\/www.critical-stages.org\/32\/a-woman-with-two-husbands-a-play-with-two-displays-ways-of-seeing-taiwanese-kua-a-hi-during-the-japanese-colonial-period\/\">A Woman with Two Husbands: A Play with Two Displays\u2014Ways of Seeing Taiwanese Kua-a-hi during the Japanese Colonial Period<\/a><br>Yin-Chen Kang<\/p>\n\n\n\n<p><a href=\"https:\/\/www.critical-stages.org\/32\/musicals-actors-and-audiences-in-the-seoul-tokyo-musical-theatre-exchange\/\">Musicals, Actors, and Audiences in the Seoul-Tokyo Musical Theatre Exchange<\/a><br>Laura MacDonald<\/p>\n\n\n\n<p><a href=\"https:\/\/www.critical-stages.org\/32\/perceiving-audible-spectatorship-audience-awareness-migrant-emptiness-and-inter-asian-resonance-in-the-wordless-play-request-sa-radyo\/\">Perceiving Audible Spectatorship: Audience Awareness, Migrant Emptiness, and Inter-Asian Resonance in the Wordless Play&nbsp;<em>Request sa Radyo<\/em><\/a><br>Popo Tabao Amascual<\/p>\n\n\n\n<p><a href=\"https:\/\/www.critical-stages.org\/32\/voices-in-between-three-contemporary-asian-theatre-makers-crossing-borders\/\">Voices In-between: Three Contemporary Asian Theatre Makers Crossing Borders<\/a><br>Beri Juraic<\/p>\n\n\n\n<p><a href=\"https:\/\/www.critical-stages.org\/32\/what-a-blue-daisy-can-bring-to-contemporary-vietnamese-theatre-translated-performances-of-vietnamese-drama\/\">What a Blue Daisy Can Bring to Contemporary Vietnamese Theatre: Translated Performances of Vietnamese Drama<\/a><br>Yuko Nobe<\/p>\n\n\n\n<p><a href=\"https:\/\/www.critical-stages.org\/32\/whose-intercultural-theatre-a-case-study-of-nsysu-chula-summer-intercultural-theatre-program\/\">Whose Intercultural Theatre?: A Case Study of NSYSU-Chula Summer Intercultural Theatre Program<\/a><br>Jen-Hao Hsu (Walter)<\/p>\n\n\n\n<h5 class=\"wp-block-heading\"><strong>Essays<\/strong><\/h5>\n\n\n\n<p>Editor:&nbsp;<strong><a href=\"https:\/\/www.critical-stages.org\/32\/cs-issue-no-32-editors\/\">Yana Meerzon<\/a><\/strong>&nbsp;(Canada)<\/p>\n\n\n\n<p><a href=\"https:\/\/www.critical-stages.org\/32\/what-are-the-traces-of-a-festival-expanded-dramaturgies-of-curating-different-narratives-baltic-circle\/\"><\/a><a href=\"https:\/\/www.critical-stages.org\/32\/what-are-the-traces-of-a-festival-expanded-dramaturgies-of-curating-different-narratives-baltic-circle\/\">\u201cWhat are the traces of a festival?\u201d Expanded Dramaturgies of Curating <\/a><br><a href=\"https:\/\/www.critical-stages.org\/32\/what-are-the-traces-of-a-festival-expanded-dramaturgies-of-curating-different-narratives-baltic-circle\/\">\u201cDifferent Narratives\u201d \u2013 Baltic Circle<\/a><br>Katalin Trencs\u00e9nyi<\/p>\n\n\n\n<p><a href=\"https:\/\/www.critical-stages.org\/32\/symphonies-of-tibetan-memory-surviving-in-exile-through-opera\/\">Symphonies of Tibetan Memory: Surviving in Exile Through Opera<\/a><br>Jahnvi Sharma<\/p>\n\n\n\n<p><a href=\"https:\/\/www.critical-stages.org\/32\/mediating-the-sacred-tradition-and-adaptations-in-shadow-puppetry-of-kerala\/\">Mediating the Sacred: Tradition and Adaptations in Shadow Puppetry of Kerala<\/a><br>Rahul Koonathara<\/p>\n\n\n\n<p><a href=\"https:\/\/www.critical-stages.org\/32\/validating-the-operated-performing-objects-opo-character-model-through-kentridges-black-box-chambre-noire\/\">Validating the Operated Performing Objects (OPO) Character Model Through Kentridge\u2019s&nbsp;Black Box\/Chambre Noire<\/a><br>Janine Lewis, Mienke Fouch\u00e9, and Laetitia Orlandi<\/p>\n\n\n\n<p><a href=\"https:\/\/www.critical-stages.org\/32\/mise-en-scene-and-the-stage-space-goddess-of-the-niger-and-theatrical-dynamics-of-ahaba-culture\/\">Mise-en-sc\u00e8ne and the Stage Space:&nbsp;<em>Goddess of the Niger<\/em>&nbsp;and Theatrical Dynamics of Ahaba Culture<\/a><br>Francisca A. Nwadigwe<\/p>\n\n\n\n<p><a href=\"https:\/\/www.critical-stages.org\/32\/jean-carzou-a-scenographer-1968-production-of-thierry-maulniers-jeanne-et-les-juges\/\">Jean Carzou, a Scenographer: 1968 Production of Thierry Maulnier\u2019s&nbsp;<em>Jeanne et les Juges<\/em><\/a><br>Ararat Aghasyan and Margarita Kamalyan<\/p>\n\n\n\n<p><a href=\"https:\/\/www.critical-stages.org\/32\/reenacting-the-tragedy-of-the-defeated\/\">Reenacting the Tragedy of the Defeated<\/a><br>Katerina Arvaniti<\/p>\n\n\n\n<p><a href=\"https:\/\/www.critical-stages.org\/32\/performing-post-war-memory-trauma-identity-and-moral-decay-in-kosovos-balkan-brothel\/\">Performing Post-War Memory: Trauma, Identity, and Moral Decay in Kosovo\u2019s Balkan Brothel<\/a><br>Ilir Muharremi, Albana Krasniqi, and Atlanta Balidemaj<\/p>\n\n\n\n<p><a href=\"https:\/\/www.critical-stages.org\/32\/era-specific-interpretations-of-shakespeares-saddest-comedy-in-latvian-theatre\/\">Era-Specific Interpretations of Shakespeare\u2019s \u201cSaddest Comedy\u201d in Latvian Theatre<\/a><br>Vesma Levalde and Sigita Ignatjeva<\/p>\n\n\n\n<h5 class=\"wp-block-heading\"><strong>Inter\/National Reflections<\/strong><\/h5>\n\n\n\n<p>Editor:&nbsp;<strong><a href=\"https:\/\/www.critical-stages.org\/32\/cs-issue-no-32-editors\/\">Savas Patsalidis<\/a><\/strong>&nbsp;(Greece)<\/p>\n\n\n\n<p><a href=\"https:\/\/www.critical-stages.org\/32\/a-dramaturgical-manifesto-of-a-filipino-eco-theatre-indigenous-narratives-for-a-socially-engaged-performance\/\">A Dramaturgical Manifesto of a Filipino Eco-theatre: Indigenous Narratives for a Socially Engaged Performance<\/a><br>Sir Anril P. Tiatco, Jem R. Javier and Gaby Asanza<\/p>\n\n\n\n<p><a href=\"https:\/\/www.critical-stages.org\/32\/between-mother-tongues-and-english-creating-a-community-of-asian-diaspora-experiences-through-documentary-theatre\/\">Between Mother Tongues and English: Creating a Community of Asian Diaspora Experiences Through Documentary Theatre<\/a><br>Yibin Wang and Yejia Sun<\/p>\n\n\n\n<p><a href=\"https:\/\/www.critical-stages.org\/32\/reliving-the-past-reflections-on-reenactments-by-dulambuhay-philippine-playback-theatre-and-tanghalang-tatsulok\/\">Reliving the Past: Reflections on Reenactments by Dulambuhay Philippine Playback Theatre and Tanghalang Tatsulok<\/a><br>Joe Louie A. Lavaro<\/p>\n\n\n\n<p><a href=\"https:\/\/www.critical-stages.org\/32\/balik-balik-the-undoing-of-self-exoticization-in-teaching-performing-staging-igal-pangalay-in-canada\/\">Balik\/Balik: The Undoing of Self\/Exoticization in Teaching\/Performing\/Staging&nbsp;<em>Igal\/Pangalay<\/em>&nbsp;in Canada<\/a><br>Dennis Gupa<\/p>\n\n\n\n<p><a href=\"https:\/\/www.critical-stages.org\/32\/covering-theatre-artists-efforts-in-new-genres\/\">Covering Theatre Artists Efforts in New Genres<\/a><br>Brad Hathaway<\/p>\n\n\n\n<p><a href=\"https:\/\/www.critical-stages.org\/32\/fabulamundi-playwriting-europe-new-voices-an-insiders-view-review-and-interview\/\"><em>Fabulamundi<\/em>, Playwriting Europe.&nbsp;<em>New Voices<\/em>&nbsp;\u2013 an Insider\u2019s View, Review and Interview<\/a><br>Anda Cadariu<\/p>\n\n\n\n<p><a href=\"https:\/\/www.critical-stages.org\/32\/theatres-faustian-bargain-power-and-peril-in-technology\/\">Theatre\u2019s Faustian Bargain: Power and Peril in Technology<\/a><br>Marina (Maka) Vasadze and Lasha Chkhartishvili<\/p>\n\n\n\n<p><a href=\"https:\/\/www.critical-stages.org\/32\/borderline-stages-the-trajectory-of-freedom-theatre-festival-in-narva\/\">Borderline Stages: The Trajectory of Freedom Theatre Festival in Narva<\/a><br>Jaak Allik<\/p>\n\n\n\n<p><a href=\"https:\/\/www.critical-stages.org\/32\/alone-together-solo-theatre-in-a-plural-world\/\">Alone Together: Solo Theatre in a Plural World<\/a><br>Eleni Gkini<\/p>\n\n\n\n<p><a href=\"https:\/\/www.critical-stages.org\/32\/ladaptation-et-la-mise-en-scene-contemporaine-la-famille-cachee-dans-les-nuages\/\">L\u2019adaptation et la mise en sc\u00e8ne contemporaine&nbsp;: La Famille Cach\u00e9e dans les Nuages<\/a><br>Patrice Pavis<\/p>\n\n\n\n<p><a href=\"https:\/\/www.critical-stages.org\/32\/through-foreign-eyes-reflecting-on-the-bucharest-national-theatre-festival-2025\/\">Through Foreign Eyes: Reflecting on the Bucharest National Theatre Festival (2025)<\/a><br>Savas Patsalidis<\/p>\n\n\n\n<h5 class=\"wp-block-heading\"><strong>Interviews<\/strong><\/h5>\n\n\n\n<p>Editor:&nbsp;<strong><a href=\"https:\/\/www.critical-stages.org\/32\/cs-issue-no-32-editors\/\">Savas Patsalidis<\/a><\/strong>&nbsp;(Greece)<\/p>\n\n\n\n<p><a href=\"https:\/\/www.critical-stages.org\/32\/on-being-robbed-of-polite-boredom-finding-the-code-interview-with-director-robert-icke\/\">On Being Robbed of Polite Boredom: Finding the Code. Interview with Director Robert Icke<\/a><br>George Rodosthenous<\/p>\n\n\n\n<p><a href=\"https:\/\/www.critical-stages.org\/32\/risk-bravery-and-theatre-or-the-end-and-the-beginning-of-the-free-world-interview-with-mart-meos\/\">Risk, Bravery and Theatre or The End and the Beginning of the Free World: Interview with M\u00e4rt Meos<\/a><br>Inna Gr\u00fcnfeldt and Katarina Tomps<\/p>\n\n\n\n<p><a href=\"https:\/\/www.critical-stages.org\/32\/la-metteuse-en-scene-kazakhstanaise-galina-pyanova-apres-avignon-jai-retrouve-la-joie-du-theatre\/\">La metteuse en sc\u00e8ne kazakhstanaise Galina Pyanova&nbsp;: \u00ab&nbsp;Apr\u00e8s Avignon, j\u2019ai retrouv\u00e9 la joie du th\u00e9\u00e2tre&nbsp;\u00bb<\/a><br>Irina Antonova<\/p>\n\n\n\n<p><a href=\"https:\/\/www.critical-stages.org\/32\/between-memory-and-fire-the-state-of-contemporary-pakistani-theatre-interview-with-maham-fahad\/\">Between Memory and Fire: The State of Contemporary Pakistani Theatre. Interview with Maham Fahad<\/a><br>Farah Ali<\/p>\n\n\n\n<h5 class=\"wp-block-heading\"><strong>Performance Reviews<\/strong><\/h5>\n\n\n\n<p>Editor:&nbsp;<strong><a href=\"https:\/\/www.critical-stages.org\/32\/cs-issue-no-32-editors\/\">Matti Linnavuori<\/a><\/strong>&nbsp;(Finland)<\/p>\n\n\n\n<p><a href=\"https:\/\/www.critical-stages.org\/32\/double-double-biker-trouble\/\">Double Double Biker Trouble<\/a><br>Patricia Keeney<\/p>\n\n\n\n<p><a href=\"https:\/\/www.critical-stages.org\/32\/in-ransacking-troy-ancient-greeces-forever-war-inspires-a-feminist-fantasy\/\">In&nbsp;<em>Ransacking Troy<\/em>, Ancient Greece\u2019s \u201cForever War\u201d Inspires a Feminist Fantasy<\/a><br>Martin Morrow<\/p>\n\n\n\n<p><a href=\"https:\/\/www.critical-stages.org\/32\/finns-remember-invisible-migrants-through-performance\/\">Finns Remember Invisible Migrants through Performance<\/a><br>Pirkko Koski<\/p>\n\n\n\n<p><a href=\"https:\/\/www.critical-stages.org\/32\/performing-arts-across-borders-exchange-among-three-neighbouring-countries\/\">Performing Arts across Borders: Exchange among Three Neighbouring Countries<\/a><br>Takehito Mitsui<\/p>\n\n\n\n<p><a href=\"https:\/\/www.critical-stages.org\/32\/exploring-an-arab-zone-of-diverse-theatre-cultures\/\">Exploring an Arab Zone of Diverse Theatre Cultures<\/a><br>Thomas Irmer<\/p>\n\n\n\n<p><a href=\"https:\/\/www.critical-stages.org\/32\/castelluccis-amorous-berenice\/\">Castellucci\u2019s Amorous&nbsp;<em>B\u00e9r\u00e9nice<\/em><\/a><br>Antonia Tsamouris<\/p>\n\n\n\n<p><a href=\"https:\/\/www.critical-stages.org\/32\/antigone-de-sophocle-a-travers-loptique-formaliste-de-ulrich-rasche\/\"><em>Antigone<\/em>&nbsp;de Sophocle \u00e0 travers l\u2019optique formaliste de Ulrich Rasche<\/a><br>Eleni Gkini<\/p>\n\n\n\n<p><a href=\"https:\/\/www.critical-stages.org\/32\/kielce-showcases-polands-contemporary-theatre\/\">Kielce Showcases Poland\u2019s Contemporary Theatre<\/a><br>Asen Terziev<\/p>\n\n\n\n<p><a href=\"https:\/\/www.critical-stages.org\/32\/in-cluj-napoca-stories-refuse-to-fade\/\">In Cluj-Napoca Stories Refuse to Fade<\/a><br>Handan Salta<\/p>\n\n\n\n<p><a href=\"https:\/\/www.critical-stages.org\/32\/robert-sturua-an-ambassador-of-georgian-theatre-on-the-global-stage\/\">Robert Sturua\u2014an Ambassador of Georgian Theatre on the Global Stage<\/a><br>Marina (Maka) Vasadze<\/p>\n\n\n\n<p><a href=\"https:\/\/www.critical-stages.org\/32\/taire-mon-antigone-mythe-dhier-realite-daujourdhui\/\"><em>Taire, Mon Antigone<\/em>&nbsp;\u2013 Mythe d\u2019hier, r\u00e9alit\u00e9 d\u2019aujourd\u2019hui<\/a><br>Selim Lander<\/p>\n\n\n\n<p><a href=\"https:\/\/www.critical-stages.org\/32\/englishness-and-humanity-the-revival-of-4-48-psychosis\/\">Englishness and Humanity: The Revival of&nbsp;<em>4.48 Psychosis<\/em><\/a><br>Tomoko Seki<\/p>\n\n\n\n<p><a href=\"https:\/\/www.critical-stages.org\/32\/encounters-with-czechs-on-the-move\/\">Encounters with Czechs on the Move<\/a><br>Matti Linnavuori<\/p>\n\n\n\n<p><a href=\"https:\/\/www.critical-stages.org\/32\/perverted-traditions-and-psychedelic-ecstasy\/\">Perverted Traditions and Psychedelic Ecstasy<\/a><br>Johannes Birringer<\/p>\n\n\n\n<h5 class=\"wp-block-heading\"><strong>Book Reviews<\/strong><\/h5>\n\n\n\n<p>Editor:&nbsp;<strong><a href=\"https:\/\/www.critical-stages.org\/32\/cs-issue-no-32-editors\/\">Don Rubin<\/a><\/strong>&nbsp;(Canada)<\/p>\n\n\n\n<p><a href=\"https:\/\/www.critical-stages.org\/32\/shakespeare-in-the-theatre-the-stratford-festival\/\">Shakespeare in the Theatre: The Stratford Festival<\/a><br>Don Rubin<\/p>\n\n\n\n<p><a href=\"https:\/\/www.critical-stages.org\/32\/walter-benjamin-ecrits-sur-le-theatre-les-mille-plateaux-de-walter-benjamin\/\">1. Walter Benjamin: \u00c9crits sur le th\u00e9\u00e2tre \/ 2. Les Mille Plateaux de Walter Benjamin<\/a><br>Selim Lander<\/p>\n\n\n\n<p><a href=\"https:\/\/www.critical-stages.org\/32\/three-new-volumes-on-finnish-director-jouko-turkka\/\">Three New Volumes on Finnish Director Jouko Turkka<\/a><br>Outi Lahtinen<\/p>\n\n\n\n<p><a href=\"https:\/\/www.critical-stages.org\/32\/michael-chekhov-16-lessons-in-kaunas\/\">Michael Chekhov: 16&nbsp;Lessons in Kaunas<\/a><br>Lenka Pichl\u00edkov\u00e1-Burke<\/p>\n\n\n\n<h5 class=\"wp-block-heading\"><strong>In Memoriam<\/strong><\/h5>\n\n\n\n<p>Editor:&nbsp;<strong><em>Critical Stages\/Sc\u00e8nes critiques<\/em><\/strong><\/p>\n\n\n\n<p><a href=\"https:\/\/www.critical-stages.org\/32\/it-is-all-the-same-hand-robert-wilson-4-october-1941-31-july-2025\/\">\u201cIt Is All the Same Hand\u201d: Robert Wilson (4 October 1941- 31 July 2025)<\/a><br>&nbsp;Maria Shevtsova<\/p>\n\n\n\n<p><a href=\"https:\/\/www.critical-stages.org\/32\/theatre-king-of-playwrights-claus-peymann-1937-2025\/\">Theatre King of Playwrights: Claus Peymann (1937-2025)<\/a><br>Thomas Irmer<\/p>\n\n\n\n<p><a href=\"https:\/\/www.critical-stages.org\/32\/bahram-beyzaie-1936-2025-a-life-without-compromise-an-end-in-exile\/\">Bahram Beyzaie (1936-2025): A Life Without Compromise, an End in Exile<\/a><br>Katayoun Salmasi<\/p>\n","protected":false},"excerpt":{"rendered":"","protected":false},"author":1,"featured_media":0,"parent":0,"menu_order":0,"comment_status":"closed","ping_status":"closed","template":"","meta":{"advanced_seo_description":"","jetpack_seo_html_title":"","jetpack_seo_noindex":false,"footnotes":""},"class_list":["post-865","page","type-page","status-publish","hentry"],"jetpack_sharing_enabled":true,"_links":{"self":[{"href":"https:\/\/www.critical-stages.org\/32\/wp-json\/wp\/v2\/pages\/865","targetHints":{"allow":["GET"]}}],"collection":[{"href":"https:\/\/www.critical-stages.org\/32\/wp-json\/wp\/v2\/pages"}],"about":[{"href":"https:\/\/www.critical-stages.org\/32\/wp-json\/wp\/v2\/types\/page"}],"author":[{"embeddable":true,"href":"https:\/\/www.critical-stages.org\/32\/wp-json\/wp\/v2\/users\/1"}],"replies":[{"embeddable":true,"href":"https:\/\/www.critical-stages.org\/32\/wp-json\/wp\/v2\/comments?post=865"}],"version-history":[{"count":10,"href":"https:\/\/www.critical-stages.org\/32\/wp-json\/wp\/v2\/pages\/865\/revisions"}],"predecessor-version":[{"id":952,"href":"https:\/\/www.critical-stages.org\/32\/wp-json\/wp\/v2\/pages\/865\/revisions\/952"}],"wp:attachment":[{"href":"https:\/\/www.critical-stages.org\/32\/wp-json\/wp\/v2\/media?parent=865"}],"curies":[{"name":"wp","href":"https:\/\/api.w.org\/{rel}","templated":true}]}}