{"id":991,"date":"2020-10-25T09:21:09","date_gmt":"2020-10-25T09:21:09","guid":{"rendered":"https:\/\/www.critical-stages.org\/21\/?page_id=991"},"modified":"2020-10-25T09:26:20","modified_gmt":"2020-10-25T09:26:20","slug":"aural-oral-dramaturgies","status":"publish","type":"page","link":"https:\/\/www.critical-stages.org\/21\/aural-oral-dramaturgies\/","title":{"rendered":"Aural\/Oral Dramaturgies"},"content":{"rendered":"\n<h4 class=\"has-text-align-center wp-block-heading\"><strong>Call for Papers &amp; Essays<\/strong><\/h4>\n\n\n\n<div class=\"wp-block-image\"><figure class=\"alignright size-large\"><a href=\"https:\/\/www.critical-stages.org\/21\/dramaturgies-orales-sonores\/\"><img loading=\"lazy\" decoding=\"async\" width=\"30\" height=\"30\" src=\"https:\/\/www.critical-stages.org\/21\/wp-content\/uploads\/sites\/22\/2020\/10\/FR.png\" alt=\"\" class=\"wp-image-981\"\/><\/a><\/figure><\/div>\n\n\n\n<p>Guest Editors:\u00a0<em><strong>Du\u0161ka Radosavljevi\u0107<\/strong>\u00a0and\u00a0<strong>Flora Pitrolo<\/strong><\/em><br>December 2021 (#24)<\/p>\n\n\n\n<p>Recent decades have seen an increased interest of theatre-makers in speech and sound as a starting point for making theatre and performance. This trend could be traced back to verbatim theatre of the early 2000s, evolving out of the political theatre experiments of Anna Deavere Smith in the United States, Tricycle in London, Teatr.doc in Moscow and eventually capturing the imagination of dance companies such as DV8. Canadian Robert Lepage\u2019s thematic interest in voice was also explicitly explored in his nine-hour ensemble piece <em>Lipsynch<\/em> (2008). In 2015, Simon McBurney of Complicite made two productions in which the central medium of storytelling was (amplified) sound: <em>Beware of Pity<\/em> and <em>The Encounter<\/em>. Forms of theatre often qualified as immersive, such as the work of Lundahl &amp; Seitl, Silvia Mercuriali and, selectively, Rimini Protokoll is often work that uses sound as an integral part of its dramaturgy.<\/p>\n\n\n\n<p>In the UK a form of theatre known as \u2018gig theatre\u2019 has evolved over the years mostly on the festival circuit such as Latitude and Edinburgh Fringe, eventually entering mainstream theatre (Kate Tempest at the Royal Court) and the West End (Arinze Kene\u2019s <em>Misty<\/em> 2018). That the use of rock iconography on the theatre stage is not a UK-specific phenomenon can also be detected in the works of Aris Biniaris, Oliver Frljic, Lola Arias and Yury Butusov in their respective cultural contexts, while in the United States the work of Lin Manuel Miranda used hip hop to challenge and change the form of the Broadway musical. For this special issue, we perceive these parallel trends as a paradigm shift.<\/p>\n\n\n\n<p>In addition to the various moves towards the sonic mentioned above, Covid-19 has brought about an increased focus on born-digital theatre and performance, much of which utilises the aural dimension. In amongst numerous, yet uncatalogued others, Stacy Makishi\u2019s <em>The Promise<\/em> at the Yard Online and Yannick Trapman-O\u2019Brien\u2019s <em>Telelibrary<\/em> used telephone technology to create performances during the lockdown and Toronto-based Dopolavoro Teatrale\u2019s Daniele Bartolini set up an entire festival of telephone performances Theatre-on-Call in April 2020.<\/p>\n\n\n\n<p>This investigation takes place at an interdisciplinary intersection between theatre and performance, dramaturgy, media studies, and theoretical and practical studies of sound and voice, and is also informed by insights from musicology, museology, anthropology and digital humanities.<\/p>\n\n\n\n<p>As editors of this special issue, we believe that the increased focus on sound as an integral dramaturgical element in (digital and non-digital) theatre and performance-making methodologies also requires a reconsideration of relevant research methodologies deployed in studying these works. As part of our own research shared on <a href=\"https:\/\/www.auralia.space\/\" target=\"_blank\" rel=\"noreferrer noopener\">www.auralia.space<\/a> we have pioneered a number of new methods, including academic dialogic improvisation, the format of \u2018oral introductions\u2019 to academic books and the Zoom-generated \u2018making-of documentary\u2019. Additionally as part of this special issue we would like to continue exploring the process of methodological and presentational innovation in academic publishing.<\/p>\n\n\n\n<p>We therefore invite proposals of \u2018academic artefacts\u2019 combining or substituting the medium of the written word with the affordances of the digital domain \u2013 audio-visual recordings, coded submissions, and\/or other formal experiments in response to the following topics:<\/p>\n\n\n\n<ul class=\"wp-block-list\"><li>Dramaturgies of speech and sound<\/li><li>Orature, cyberture and their decolonising potential<\/li><li>Musicality of performance<\/li><li>Digital performance ethnography<\/li><li>The aesthetics and politics of amplification<\/li><li>Storytelling in the live and in the digital sphere<\/li><li>Gigs, theatre, gig theatre and spaces in between<\/li><li>Beyond verbatim theatre<\/li><li>Dramaturgical and compositional thinking<\/li><li>Aural and oral creative processes<\/li><li>Aural and oral research methodologies<\/li><li>Listenership, spectatorship and digital tele-spectatorship<\/li><\/ul>\n\n\n\n<p>Length of submission: <strong>4500 <\/strong>words max, <strong>45 <\/strong>minutes of footage max, or equivalent (combined).<\/p>\n\n\n\n<p>All submissions will be peer reviewed.<\/p>\n\n\n\n<p>Please send <strong>300-word<\/strong> abstracts to <a href=\"mailto:auraliaspace@gmail.com\">auraliaspace@gmail.com<\/a>, indicating the format that your submission will take and why this is the best way to tackle the chosen topic, and include <strong>50-word<\/strong> biogs of all authors collaborating on the submission.<\/p>\n\n\n\n<p>Please note the narrow timeframe:<\/p>\n\n\n\n<p>Abstracts: <strong>30 November 2020<\/strong><br>First drafts due: <strong>28 February 2021<\/strong><br>Final submissions due: <strong>30 October 2021<\/strong><br>Publication: <strong>December 2021<\/strong><\/p>\n\n\n\n<p><strong>BIOS<\/strong><\/p>\n\n\n\n<p><strong>Du\u0161ka&nbsp;Radosavljevi\u0107<\/strong> is a Reader in Contemporary Theatre and Performance at the Royal Central School of Speech and Drama. Her scholarly work focuses on dramaturgy, writing for performance, and theatre-making. Du\u0161ka is the author of the award-winning <em>Theatre-Making: Interplay Between Text and Performance in the 21<sup>st<\/sup> Century<\/em> and editor of <em>The Contemporary Ensemble<\/em>&nbsp; (2013) and <em>Theatre Criticism: Changing Landscapes<\/em> (2016).<\/p>\n\n\n\n<p><strong>Flora Pitrolo<\/strong> is a researcher, music journalist, DJ, broadcaster and writer. Her work looks at archives of experimental European performance and music scenes from the 1980s to the present. Her most recent large project is the artist book &nbsp;<em>Syxty Sorriso &amp; Altre Storie<\/em> (2017). She is currently co-editing a volume of non-Anglophone disco scenes entitled <em>Disco Heterotopias.<\/em><\/p>\n","protected":false},"excerpt":{"rendered":"","protected":false},"author":1,"featured_media":0,"parent":0,"menu_order":0,"comment_status":"closed","ping_status":"closed","template":"","meta":{"footnotes":""},"class_list":["post-991","page","type-page","status-publish","hentry"],"jetpack_sharing_enabled":true,"jetpack-related-posts":[{"id":26,"url":"https:\/\/www.critical-stages.org\/21\/inter-connecting-a-collection-of-useful-links\/","url_meta":{"origin":991,"position":0},"title":"Inter-Connecting: A Collection of Useful Links","author":"cs2-admin","date":"March 21, 2020","format":false,"excerpt":"Drafted by Katerina Delikonstantinidou* Since it was launched in 2009, Critical Stages\/Sc\u00e8nes Critiques has become well-established as a genuinely inclusive webjournal; the range and diversity of its contributors and the breadth of its intellectual exploration and enquiry attest to that. The journal has an outward-facing, genuinely global vision of theatre\u2026","rel":"","context":"Similar post","block_context":{"text":"Similar post","link":""},"img":{"alt_text":"Katerina","src":"https:\/\/i0.wp.com\/www.critical-stages.org\/12\/wp-content\/uploads\/sites\/2\/2015\/12\/Katerina-300x259.jpg?resize=350%2C200&ssl=1","width":350,"height":200},"classes":[]},{"id":8,"url":"https:\/\/www.critical-stages.org\/21\/cs-issue-no-21-editors\/","url_meta":{"origin":991,"position":1},"title":"CS Issue No 21 Editors","author":"cs2-admin","date":"March 21, 2020","format":false,"excerpt":"Special Topic Octavian Saiu, Adjunct Secretary General of IATC and President of the Romanian Section of IATC \u2013 Theatre Studies, holds a PhD in Theatre Studies and another one in Comparative Literature. He has published articles in several international journals, as well as eleven books on theatre. Actively involved in\u2026","rel":"","context":"Similar post","block_context":{"text":"Similar post","link":""},"img":{"alt_text":"","src":"https:\/\/i0.wp.com\/www.critical-stages.org\/21\/wp-content\/uploads\/sites\/22\/2020\/04\/PER-NoraPen-Photo-4-Miss-Julie.jpg?resize=350%2C200&ssl=1","width":350,"height":200,"srcset":"https:\/\/i0.wp.com\/www.critical-stages.org\/21\/wp-content\/uploads\/sites\/22\/2020\/04\/PER-NoraPen-Photo-4-Miss-Julie.jpg?resize=350%2C200&ssl=1 1x, https:\/\/i0.wp.com\/www.critical-stages.org\/21\/wp-content\/uploads\/sites\/22\/2020\/04\/PER-NoraPen-Photo-4-Miss-Julie.jpg?resize=525%2C300&ssl=1 1.5x, https:\/\/i0.wp.com\/www.critical-stages.org\/21\/wp-content\/uploads\/sites\/22\/2020\/04\/PER-NoraPen-Photo-4-Miss-Julie.jpg?resize=700%2C400&ssl=1 2x"},"classes":[]},{"id":24,"url":"https:\/\/www.critical-stages.org\/21\/international-theatre-and-performing-arts-festival-guide\/","url_meta":{"origin":991,"position":2},"title":"International Theatre and Performing Arts Festival Guide","author":"cs2-admin","date":"March 21, 2020","format":false,"excerpt":"Drafted by Katerina Delikonstantinidou* Although we witness an impressive increase of international festivals devoted to the work of theatre and performance\u2014a phenomenon that can be partly attributed to what cultural critics call the increasing \u201cfestivalization\u201d of public cultures\u2014a concise reference book about these very events taking place around the world\u2026","rel":"","context":"Similar post","block_context":{"text":"Similar post","link":""},"img":{"alt_text":"","src":"https:\/\/i0.wp.com\/www.critical-stages.org\/21\/wp-content\/uploads\/sites\/22\/2020\/05\/flag-svk-400.jpg?resize=350%2C200&ssl=1","width":350,"height":200},"classes":[]},{"id":871,"url":"https:\/\/www.critical-stages.org\/21\/editorial-note\/","url_meta":{"origin":991,"position":3},"title":"Editorial Note","author":"cs2-admin","date":"June 17, 2020","format":false,"excerpt":"Savas Patsalidis* Dear reader, I am very happy to announce the publication of the 21st issue of Critical Stages\/Sc\u00e8nes critiques which, in terms of quantity, is thus far the richest of all, with 70 contributions by 40 women and 38 men from 34 countries (including New Zealand, Mexico, Martinique, Latvia,\u2026","rel":"","context":"Similar post","block_context":{"text":"Similar post","link":""},"img":{"alt_text":"","src":"https:\/\/i0.wp.com\/www.critical-stages.org\/21\/wp-content\/uploads\/sites\/22\/2020\/06\/Spats.jpg?resize=350%2C200&ssl=1","width":350,"height":200},"classes":[]},{"id":1009,"url":"https:\/\/www.critical-stages.org\/21\/table-of-contents\/","url_meta":{"origin":991,"position":4},"title":"Table of Contents","author":"cs2-admin","date":"February 12, 2021","format":false,"excerpt":"Editorial NoteSavas Patsalidis, Editor-in-Chief Special Topic The Theatricality of Music, the Musicality of TheatreGuest Editor:\u00a0Octavian Saiu\u00a0(Romania) The New Soundscape of Global Culture: Editorial NoteOctavian Saiu Ideology and Machines in the Work of Richard WagnerThemelis Glynatsis Interaction Between Music and Theatre in Identity Processes: Croatian ExampleIva Hraste-So\u010do Broadway Rap Battles and\u2026","rel":"","context":"Similar post","block_context":{"text":"Similar post","link":""},"img":{"alt_text":"","src":"","width":0,"height":0},"classes":[]},{"id":830,"url":"https:\/\/www.critical-stages.org\/21\/editorial\/","url_meta":{"origin":991,"position":5},"title":"\u00c9ditorial","author":"cs2-admin","date":"June 14, 2020","format":false,"excerpt":"Savas Patsalidis* Ch\u00e8res lectrices, chers lecteurs, Je suis tr\u00e8s heureux de lancer la publication du 21e num\u00e9ro de Critical Stages\/Sc\u00e8nes critiques qui, par le nombre d\u2019articles, est le plus riche jusqu\u2019\u00e0 pr\u00e9sent, offrant 70 contributions de 40 collaboratrices et 38 collaborateurs venant de 34 pays (de la Nouvelle-Z\u00e9lande au Mexique,\u2026","rel":"","context":"Similar post","block_context":{"text":"Similar post","link":""},"img":{"alt_text":"","src":"https:\/\/i0.wp.com\/www.critical-stages.org\/21\/wp-content\/uploads\/sites\/22\/2020\/06\/Spats.jpg?resize=350%2C200&ssl=1","width":350,"height":200},"classes":[]}],"_links":{"self":[{"href":"https:\/\/www.critical-stages.org\/21\/wp-json\/wp\/v2\/pages\/991","targetHints":{"allow":["GET"]}}],"collection":[{"href":"https:\/\/www.critical-stages.org\/21\/wp-json\/wp\/v2\/pages"}],"about":[{"href":"https:\/\/www.critical-stages.org\/21\/wp-json\/wp\/v2\/types\/page"}],"author":[{"embeddable":true,"href":"https:\/\/www.critical-stages.org\/21\/wp-json\/wp\/v2\/users\/1"}],"replies":[{"embeddable":true,"href":"https:\/\/www.critical-stages.org\/21\/wp-json\/wp\/v2\/comments?post=991"}],"version-history":[{"count":2,"href":"https:\/\/www.critical-stages.org\/21\/wp-json\/wp\/v2\/pages\/991\/revisions"}],"predecessor-version":[{"id":996,"href":"https:\/\/www.critical-stages.org\/21\/wp-json\/wp\/v2\/pages\/991\/revisions\/996"}],"wp:attachment":[{"href":"https:\/\/www.critical-stages.org\/21\/wp-json\/wp\/v2\/media?parent=991"}],"curies":[{"name":"wp","href":"https:\/\/api.w.org\/{rel}","templated":true}]}}