{"id":37,"date":"2015-12-21T18:50:03","date_gmt":"2015-12-21T18:50:03","guid":{"rendered":"http:\/\/cs2.enl.auth.gr\/12\/?page_id=37"},"modified":"2015-12-22T14:50:54","modified_gmt":"2015-12-22T14:50:54","slug":"interviews-playwrights-on-playwriting","status":"publish","type":"page","link":"https:\/\/www.critical-stages.org\/12\/interviews-playwrights-on-playwriting\/","title":{"rendered":"Interviews: Playwrights on Playwriting"},"content":{"rendered":"<p>Section Guest Editor:<strong> Katayoun H. Salmasi<\/strong> (Iran)<a href=\"#end1\">*<\/a><\/p>\n<p><img loading=\"lazy\" decoding=\"async\" data-attachment-id=\"156\" data-permalink=\"https:\/\/www.critical-stages.org\/12\/interviews-playwrights-on-playwriting\/salmasi\/\" data-orig-file=\"https:\/\/www.critical-stages.org\/12\/wp-content\/uploads\/sites\/2\/2015\/12\/Salmasi.jpg\" data-orig-size=\"778,778\" data-comments-opened=\"1\" data-image-meta=\"{&quot;aperture&quot;:&quot;2.8&quot;,&quot;credit&quot;:&quot;&quot;,&quot;camera&quot;:&quot;iPhone 4&quot;,&quot;caption&quot;:&quot;&quot;,&quot;created_timestamp&quot;:&quot;1318603086&quot;,&quot;copyright&quot;:&quot;&quot;,&quot;focal_length&quot;:&quot;3.85&quot;,&quot;iso&quot;:&quot;250&quot;,&quot;shutter_speed&quot;:&quot;0.066666666666667&quot;,&quot;title&quot;:&quot;&quot;,&quot;orientation&quot;:&quot;1&quot;}\" data-image-title=\"Salmasi\" data-image-description=\"\" data-image-caption=\"\" data-large-file=\"https:\/\/www.critical-stages.org\/12\/wp-content\/uploads\/sites\/2\/2015\/12\/Salmasi.jpg\" class=\"alignnone size-medium wp-image-156\" src=\"http:\/\/cs2.enl.auth.gr\/12\/wp-content\/uploads\/sites\/2\/2015\/12\/Salmasi-300x300.jpg\" alt=\"Salmasi\" width=\"300\" height=\"300\" srcset=\"https:\/\/www.critical-stages.org\/12\/wp-content\/uploads\/sites\/2\/2015\/12\/Salmasi-300x300.jpg 300w, https:\/\/www.critical-stages.org\/12\/wp-content\/uploads\/sites\/2\/2015\/12\/Salmasi-150x150.jpg 150w, https:\/\/www.critical-stages.org\/12\/wp-content\/uploads\/sites\/2\/2015\/12\/Salmasi-768x768.jpg 768w, https:\/\/www.critical-stages.org\/12\/wp-content\/uploads\/sites\/2\/2015\/12\/Salmasi-270x270.jpg 270w, https:\/\/www.critical-stages.org\/12\/wp-content\/uploads\/sites\/2\/2015\/12\/Salmasi-230x230.jpg 230w, https:\/\/www.critical-stages.org\/12\/wp-content\/uploads\/sites\/2\/2015\/12\/Salmasi.jpg 778w\" sizes=\"auto, (max-width: 300px) 100vw, 300px\" \/><\/p>\n<p>The \u201cInterviews section\u201d of this issue features playwrights from three different countries and three continents: Charles Mee (USA), Paul Heller (USA), Femi Osofisan (Nigeria), and Martin Santiago Bermudez (Spain). In their conversation, the writers engage on a variety of topics that range from adaptation to the impact of the Internet, the relationship of criticism to new writing and politics.<\/p>\n<p>Although adaptation may be investigated from various angles, the essence of it is the act of making textual and contextual change that lays new paths of thinking about a work. Trying to make their work fit in a new situation, adaptors take into account important contexts related to taste, time, environment, social issues, politics.<\/p>\n<p>If we agree with what Charles Mee tells Elena Delliou, that \u201cEvery classical Greek play is an adaptation of a pre-existing story,\u201d then it might be argued that literature is similar to energy molecules flowing in nature from beginning to end, changing only from shape to shape. Perhaps most adaptors prefer to create a free adaptation or, as Mee says, \u201cfree unfaithful adaptation.\u201d Yet this ideal is not reflected in all of their work. Femi Osofisan, for instance, in his conversation with Olakunbi Olasope, divides his adaptations into categories, one of them being commissions: \u201cIn these, I am mostly responding to a given brief, to the specific demands of the sponsors.\u201d Therefore, adaptors may not always have the freedom to focus on the impulse that most interests them in the original texts. There are cases in which producers try to set the parameters for the playwright\u2019s product, thus limiting his\/her freedom of choice. Osofisan believes that, by remaining faithful to the original text, the adaptor comes closer to the essence of the original: \u201cWith a true adaptation, nothing should change really.\u201d In fact, Osofisan prefers adaptations based on mutual understanding between the originator and the adaptor, \u201cIt\u2019s like the thrill of love or an unplanned reunion between long-separated friends,\u201d he says.<\/p>\n<p>The expansion of the Internet and the consequent shrinking of the globe has had both positive and negative effects on the playwrights\u2019 works. Some have welcomed it: Mee, for example, has made all of his plays freely available to the public via his website. He believes this has led to great success. \u201cThese days,\u201d Mee says, \u201cmore than a hundred thousand copies of my plays are downloaded from the Internet every year.\u201d Osofisan also notes the impact of the Internet on dramatic literature due to, he says, \u201cpolitics, new technologies, new anxieties,\u201d which \u201cdictate that the dramatist must seek new approaches.\u201d<\/p>\n<p>The relationship between authors and critics has always been a controversial one. The essential question is to what extent critics and professional criticism can affect improvements in a written text. Paul Heller tells Lissa Tyler Renaud that it is not the professionals who are giving the best criticism: \u201cThe helpful \u2018criticism\u2019 I receive is from directors and actors engaged with my work.\u201d Heller also feels that the audiences provide some of the most effective feedback. According to Osofisan, the majority of professional critics do not consider the limitations and boundaries that challenge playwrights. From that perspective, the playwright\u2019s relationship with critics can only evolve ambiguously and ambivalently.<\/p>\n<p>Ir\u00e8ne Sadowska Guillon\u2019s conversation with Martin Santiago Bermudez adds one more controversial item to the agenda of contemporary playwriting: the word \u201ctransgression.\u201d In a world of hybridities, many artists today, in their effort to comment on what is going on, frequently cross generic boundaries, thus opening up the scope of their artistic inquiry and, as a consequence, the viewing angle of their spectators\/readers.<\/p>\n<p><em>Critical Stages<\/em> would like to extent its thanks to the interviewers and the interviewees for generously adding to this ongoing discourse about originality, reproduction, adaptation, technology. Since all \u201cfronts\u201d are wide open, we expect to have more on what is going on in the next issues of our journal.<\/p>\n<hr \/>\n<p><strong>*Katayoun H. Salmasi<\/strong> is an Iranian critic, playwright and director living in the United States. She has translated dozens of plays, essays, and works of fiction into Farsi. While living in Iran, she wrote for numerous publications on issues in culture and served as creator of dramatic works for the stage and television.<\/p>\n<hr \/>\n<div class=\"pt-cv-wrapper\"><div class=\"pt-cv-view pt-cv-grid pt-cv-colsys\" id=\"pt-cv-view-2f93ef9e7f\"><div data-id=\"pt-cv-page-1\" class=\"pt-cv-page\" data-cvc=\"2\"><div class=\"col-md-6 col-sm-6 col-xs-12 pt-cv-content-item pt-cv-1-col\" ><div class='pt-cv-ifield'><a href=\"https:\/\/www.critical-stages.org\/12\/the-playwright-is-a-labourer-of-love\/\" class=\"_self pt-cv-href-thumbnail pt-cv-thumb-default\" target=\"_self\" ><img loading=\"lazy\" decoding=\"async\" width=\"140\" height=\"150\" src=\"https:\/\/www.critical-stages.org\/12\/wp-content\/uploads\/sites\/2\/2015\/12\/FEMI-Osofisan-140x150.jpg\" class=\"pt-cv-thumbnail\" alt=\"\" data-attachment-id=\"231\" data-permalink=\"https:\/\/www.critical-stages.org\/12\/the-playwright-is-a-labourer-of-love\/femi-osofisan\/\" data-orig-file=\"https:\/\/www.critical-stages.org\/12\/wp-content\/uploads\/sites\/2\/2015\/12\/FEMI-Osofisan.jpg\" data-orig-size=\"140,187\" data-comments-opened=\"1\" data-image-meta=\"{&quot;aperture&quot;:&quot;0&quot;,&quot;credit&quot;:&quot;&quot;,&quot;camera&quot;:&quot;&quot;,&quot;caption&quot;:&quot;&quot;,&quot;created_timestamp&quot;:&quot;0&quot;,&quot;copyright&quot;:&quot;&quot;,&quot;focal_length&quot;:&quot;0&quot;,&quot;iso&quot;:&quot;0&quot;,&quot;shutter_speed&quot;:&quot;0&quot;,&quot;title&quot;:&quot;&quot;,&quot;orientation&quot;:&quot;0&quot;}\" data-image-title=\"FEMI-Osofisan\" data-image-description=\"\" data-image-caption=\"&lt;p&gt;Femi Osofisan&lt;\/p&gt;\n\" data-large-file=\"https:\/\/www.critical-stages.org\/12\/wp-content\/uploads\/sites\/2\/2015\/12\/FEMI-Osofisan.jpg\" \/><\/a>\n<h4 class=\"pt-cv-title\"><a href=\"https:\/\/www.critical-stages.org\/12\/the-playwright-is-a-labourer-of-love\/\" class=\"_self\" target=\"_self\" >The Playwright is a Labourer of Love<\/a><\/h4><\/div><\/div>\n<div class=\"col-md-6 col-sm-6 col-xs-12 pt-cv-content-item pt-cv-1-col\" ><div class='pt-cv-ifield'><a href=\"https:\/\/www.critical-stages.org\/12\/un-theatre-demystificateur-critiques-et-briseurs-de-consensus\/\" class=\"_self pt-cv-href-thumbnail pt-cv-thumb-default\" target=\"_self\" ><img loading=\"lazy\" decoding=\"async\" width=\"150\" height=\"150\" src=\"https:\/\/www.critical-stages.org\/12\/wp-content\/uploads\/sites\/2\/2015\/12\/Santiago2-150x150.jpg\" class=\"pt-cv-thumbnail\" alt=\"\" data-attachment-id=\"158\" data-permalink=\"https:\/\/www.critical-stages.org\/12\/un-theatre-demystificateur-critiques-et-briseurs-de-consensus\/santiago2\/\" data-orig-file=\"https:\/\/www.critical-stages.org\/12\/wp-content\/uploads\/sites\/2\/2015\/12\/Santiago2.jpg\" data-orig-size=\"300,210\" data-comments-opened=\"1\" data-image-meta=\"{&quot;aperture&quot;:&quot;0&quot;,&quot;credit&quot;:&quot;&quot;,&quot;camera&quot;:&quot;&quot;,&quot;caption&quot;:&quot;&quot;,&quot;created_timestamp&quot;:&quot;0&quot;,&quot;copyright&quot;:&quot;&quot;,&quot;focal_length&quot;:&quot;0&quot;,&quot;iso&quot;:&quot;0&quot;,&quot;shutter_speed&quot;:&quot;0&quot;,&quot;title&quot;:&quot;&quot;,&quot;orientation&quot;:&quot;0&quot;}\" data-image-title=\"Santiago2\" data-image-description=\"\" data-image-caption=\"&lt;p&gt;Santiago Martin Bermudez&lt;\/p&gt;\n\" data-large-file=\"https:\/\/www.critical-stages.org\/12\/wp-content\/uploads\/sites\/2\/2015\/12\/Santiago2.jpg\" \/><\/a>\n<h4 class=\"pt-cv-title\"><a href=\"https:\/\/www.critical-stages.org\/12\/un-theatre-demystificateur-critiques-et-briseurs-de-consensus\/\" class=\"_self\" target=\"_self\" >Un th\u00e9\u00e2tre d\u00e9mystificateur, critiques et briseurs de consensus<\/a><\/h4><\/div><\/div>\n<div class=\"col-md-6 col-sm-6 col-xs-12 pt-cv-content-item pt-cv-1-col\" ><div class='pt-cv-ifield'><a href=\"https:\/\/www.critical-stages.org\/12\/revisiting-the-classics\/\" class=\"_self pt-cv-href-thumbnail pt-cv-thumb-default\" target=\"_self\" ><img loading=\"lazy\" decoding=\"async\" width=\"150\" height=\"150\" src=\"https:\/\/www.critical-stages.org\/12\/wp-content\/uploads\/sites\/2\/2015\/12\/charles_mee1-150x150.jpg\" class=\"pt-cv-thumbnail\" alt=\"\" srcset=\"https:\/\/www.critical-stages.org\/12\/wp-content\/uploads\/sites\/2\/2015\/12\/charles_mee1-150x150.jpg 150w, https:\/\/www.critical-stages.org\/12\/wp-content\/uploads\/sites\/2\/2015\/12\/charles_mee1-270x270.jpg 270w, https:\/\/www.critical-stages.org\/12\/wp-content\/uploads\/sites\/2\/2015\/12\/charles_mee1-230x230.jpg 230w\" sizes=\"auto, (max-width: 150px) 100vw, 150px\" data-attachment-id=\"228\" data-permalink=\"https:\/\/www.critical-stages.org\/12\/revisiting-the-classics\/charles_mee1\/\" data-orig-file=\"https:\/\/www.critical-stages.org\/12\/wp-content\/uploads\/sites\/2\/2015\/12\/charles_mee1.jpg\" data-orig-size=\"500,750\" data-comments-opened=\"1\" data-image-meta=\"{&quot;aperture&quot;:&quot;0&quot;,&quot;credit&quot;:&quot;&quot;,&quot;camera&quot;:&quot;&quot;,&quot;caption&quot;:&quot;&quot;,&quot;created_timestamp&quot;:&quot;0&quot;,&quot;copyright&quot;:&quot;&quot;,&quot;focal_length&quot;:&quot;0&quot;,&quot;iso&quot;:&quot;0&quot;,&quot;shutter_speed&quot;:&quot;0&quot;,&quot;title&quot;:&quot;&quot;,&quot;orientation&quot;:&quot;0&quot;}\" data-image-title=\"charles_mee1\" data-image-description=\"\" data-image-caption=\"&lt;p&gt;Charles Mee&lt;\/p&gt;\n\" data-large-file=\"https:\/\/www.critical-stages.org\/12\/wp-content\/uploads\/sites\/2\/2015\/12\/charles_mee1.jpg\" \/><\/a>\n<h4 class=\"pt-cv-title\"><a href=\"https:\/\/www.critical-stages.org\/12\/revisiting-the-classics\/\" class=\"_self\" target=\"_self\" >Revisiting the Classics<\/a><\/h4><\/div><\/div>\n<div class=\"col-md-6 col-sm-6 col-xs-12 pt-cv-content-item pt-cv-1-col\" ><div class='pt-cv-ifield'><a href=\"https:\/\/www.critical-stages.org\/12\/international-and-in-home-theatre-new-audiences-new-spaces\/\" class=\"_self pt-cv-href-thumbnail pt-cv-thumb-default\" target=\"_self\" ><img loading=\"lazy\" decoding=\"async\" width=\"150\" height=\"150\" src=\"https:\/\/www.critical-stages.org\/12\/wp-content\/uploads\/sites\/2\/2015\/12\/HELLER2-150x150.jpg\" class=\"pt-cv-thumbnail\" alt=\"\" data-attachment-id=\"237\" data-permalink=\"https:\/\/www.critical-stages.org\/12\/international-and-in-home-theatre-new-audiences-new-spaces\/heller2\/\" data-orig-file=\"https:\/\/www.critical-stages.org\/12\/wp-content\/uploads\/sites\/2\/2015\/12\/HELLER2.jpg\" data-orig-size=\"171,300\" data-comments-opened=\"1\" data-image-meta=\"{&quot;aperture&quot;:&quot;0&quot;,&quot;credit&quot;:&quot;&quot;,&quot;camera&quot;:&quot;&quot;,&quot;caption&quot;:&quot;&quot;,&quot;created_timestamp&quot;:&quot;0&quot;,&quot;copyright&quot;:&quot;&quot;,&quot;focal_length&quot;:&quot;0&quot;,&quot;iso&quot;:&quot;0&quot;,&quot;shutter_speed&quot;:&quot;0&quot;,&quot;title&quot;:&quot;&quot;,&quot;orientation&quot;:&quot;0&quot;}\" data-image-title=\"HELLER2\" data-image-description=\"\" data-image-caption=\"\" data-large-file=\"https:\/\/www.critical-stages.org\/12\/wp-content\/uploads\/sites\/2\/2015\/12\/HELLER2.jpg\" \/><\/a>\n<h4 class=\"pt-cv-title\"><a href=\"https:\/\/www.critical-stages.org\/12\/international-and-in-home-theatre-new-audiences-new-spaces\/\" class=\"_self\" target=\"_self\" >International and In-Home Theatre: New Audiences, New Spaces<\/a><\/h4><\/div><\/div>\n<div class=\"col-md-6 col-sm-6 col-xs-12 pt-cv-content-item pt-cv-1-col\" ><div class='pt-cv-ifield'><a href=\"https:\/\/www.critical-stages.org\/12\/questioning-spirit-dramaturgy-in-america\/\" class=\"_self pt-cv-href-thumbnail pt-cv-thumb-default\" target=\"_self\" ><img loading=\"lazy\" decoding=\"async\" width=\"150\" height=\"150\" src=\"https:\/\/www.critical-stages.org\/12\/wp-content\/uploads\/sites\/2\/2015\/12\/Mark-Bly-1-150x150.jpg\" class=\"pt-cv-thumbnail\" alt=\"\" srcset=\"https:\/\/www.critical-stages.org\/12\/wp-content\/uploads\/sites\/2\/2015\/12\/Mark-Bly-1-150x150.jpg 150w, https:\/\/www.critical-stages.org\/12\/wp-content\/uploads\/sites\/2\/2015\/12\/Mark-Bly-1-270x270.jpg 270w, https:\/\/www.critical-stages.org\/12\/wp-content\/uploads\/sites\/2\/2015\/12\/Mark-Bly-1-230x230.jpg 230w\" sizes=\"auto, (max-width: 150px) 100vw, 150px\" data-attachment-id=\"168\" data-permalink=\"https:\/\/www.critical-stages.org\/12\/questioning-spirit-dramaturgy-in-america\/mark-bly-1\/\" data-orig-file=\"https:\/\/www.critical-stages.org\/12\/wp-content\/uploads\/sites\/2\/2015\/12\/Mark-Bly-1.jpg\" data-orig-size=\"284,346\" data-comments-opened=\"1\" data-image-meta=\"{&quot;aperture&quot;:&quot;0&quot;,&quot;credit&quot;:&quot;&quot;,&quot;camera&quot;:&quot;&quot;,&quot;caption&quot;:&quot;&quot;,&quot;created_timestamp&quot;:&quot;0&quot;,&quot;copyright&quot;:&quot;&quot;,&quot;focal_length&quot;:&quot;0&quot;,&quot;iso&quot;:&quot;0&quot;,&quot;shutter_speed&quot;:&quot;0&quot;,&quot;title&quot;:&quot;&quot;,&quot;orientation&quot;:&quot;1&quot;}\" data-image-title=\"Mark-Bly-1\" data-image-description=\"\" data-image-caption=\"&lt;p&gt;Mark Bly&lt;\/p&gt;\n\" data-large-file=\"https:\/\/www.critical-stages.org\/12\/wp-content\/uploads\/sites\/2\/2015\/12\/Mark-Bly-1.jpg\" \/><\/a>\n<h4 class=\"pt-cv-title\"><a href=\"https:\/\/www.critical-stages.org\/12\/questioning-spirit-dramaturgy-in-america\/\" class=\"_self\" target=\"_self\" >\u201cQuestioning Spirit\u201d\u2014Dramaturgy in America<\/a><\/h4><\/div><\/div><\/div><\/div><\/div>\n","protected":false},"excerpt":{"rendered":"<p>Section Guest Editor: Katayoun H. Salmasi (Iran)* The \u201cInterviews section\u201d of this issue features playwrights from three different countries and three continents: Charles Mee (USA), Paul Heller (USA), Femi Osofisan (Nigeria), and Martin Santiago Bermudez (Spain). In their conversation, the<\/p>\n","protected":false},"author":1,"featured_media":0,"parent":0,"menu_order":0,"comment_status":"closed","ping_status":"closed","template":"","meta":{"jetpack_post_was_ever_published":false,"footnotes":""},"class_list":["post-37","page","type-page","status-publish","hentry","","tg-column-two"],"jetpack_sharing_enabled":true,"jetpack_shortlink":"https:\/\/wp.me\/P9xLnm-B","_links":{"self":[{"href":"https:\/\/www.critical-stages.org\/12\/wp-json\/wp\/v2\/pages\/37","targetHints":{"allow":["GET"]}}],"collection":[{"href":"https:\/\/www.critical-stages.org\/12\/wp-json\/wp\/v2\/pages"}],"about":[{"href":"https:\/\/www.critical-stages.org\/12\/wp-json\/wp\/v2\/types\/page"}],"author":[{"embeddable":true,"href":"https:\/\/www.critical-stages.org\/12\/wp-json\/wp\/v2\/users\/1"}],"replies":[{"embeddable":true,"href":"https:\/\/www.critical-stages.org\/12\/wp-json\/wp\/v2\/comments?post=37"}],"version-history":[{"count":0,"href":"https:\/\/www.critical-stages.org\/12\/wp-json\/wp\/v2\/pages\/37\/revisions"}],"wp:attachment":[{"href":"https:\/\/www.critical-stages.org\/12\/wp-json\/wp\/v2\/media?parent=37"}],"curies":[{"name":"wp","href":"https:\/\/api.w.org\/{rel}","templated":true}]}}