{"id":2,"date":"2015-12-21T14:37:38","date_gmt":"2015-12-21T14:37:38","guid":{"rendered":"http:\/\/cs2.enl.auth.gr\/12\/?page_id=2"},"modified":"2021-07-25T18:04:44","modified_gmt":"2021-07-25T18:04:44","slug":"sample-page","status":"publish","type":"page","link":"https:\/\/www.critical-stages.org\/12\/","title":{"rendered":"Contents"},"content":{"rendered":"<h1>Table of Contents<\/h1>\n<p><a href=\"https:\/\/www.critical-stages.org\/12\/editorial-note-cs-global-platform\/\">Editorial<\/a> \/ <a href=\"https:\/\/www.critical-stages.org\/12\/editorial-la-plateforme-mondiale-de-cssc\/\">\u00c9ditorial<\/a><br \/>\nSavas Patsalidis (editor-in-chief)<\/p>\n<hr>\n<h5><span style=\"color: #ff9933;\"><a style=\"color: #ff9933;\" href=\"https:\/\/www.critical-stages.org\/12\/interviews\/\">Interviews: Playwrights on Playwriting<\/a><\/span><\/h5>\n<p>Section Guest Editor: <strong>Katayoun H. Salmasi<\/strong> (Iran)<\/p>\n<p><a href=\"https:\/\/www.critical-stages.org\/12\/the-playwright-is-a-labourer-of-love\/\">The Playwright is a Labourer of Love<\/a><br \/>\nInterview with Femi Osofisan by&nbsp;Olakunbi Olasope<\/p>\n<p><a href=\"https:\/\/www.critical-stages.org\/12\/un-theatre-demystificateur-critiques-et-briseurs-de-consensus\/\">Un th\u00e9\u00e2tre d\u00e9mystificateur, critiques et briseurs de consensus<\/a><br \/>\nEntretien avec Santiago Martin Bermudez: propos recueillis par Ir\u00e8ne Sadowska Guillon<\/p>\n<p><a href=\"https:\/\/www.critical-stages.org\/12\/revisiting-the-classics\/\">Revisiting the Classics<\/a><br \/>\nInterview with Charles Mee by&nbsp;Elena Delliou<\/p>\n<p><a href=\"https:\/\/www.critical-stages.org\/12\/international-and-in-home-theatre-new-audiences-new-spaces\/\">International and In-Home Theatre: New Audiences, New Spaces<\/a><br \/>\nInterview with Paul Heller by&nbsp;Lissa Tyler Renaud<\/p>\n<p><a href=\"https:\/\/www.critical-stages.org\/12\/questioning-spirit-dramaturgy-in-america\">\u201cQuestioning Spirit\u201d\u2014Dramaturgy in America<\/a><br \/>\nMark Bly in conversation with Katalin Trencs\u00e9nyi<\/p>\n<hr>\n<h5><span style=\"color: #ff9933;\"><a style=\"color: #ff9933;\" href=\"https:\/\/www.critical-stages.org\/12\/special-topics\/\">Special Topic: Adaptation<\/a><\/span><\/h5>\n<p>Section Guest Editor: <strong>Patrice Pavis<\/strong> (France)<\/p>\n<p><a href=\"https:\/\/www.critical-stages.org\/12\/mise-en-scene-as-adaptation\/\">Mise-en-Sc\u00e8ne as Adaptation<\/a><br \/>\nAvra Sidiropoulou<\/p>\n<p><a href=\"https:\/\/www.critical-stages.org\/12\/michael-chekhovs-theatre-theory-and-pedagogy-of-theatre-adaptation\">Michael Chekhov\u2019s Theatre Theory and Pedagogy of Theatre Adaptation<\/a><br \/>\nYana Meerzon<\/p>\n<p><a href=\"https:\/\/www.critical-stages.org\/12\/interdisciplinary-considerations-about-a-subgenre-of-the-contemporary-biographical-drama-celebrity-and-fandom-in-recent-adaptations-of-famous-lives-for-the-stage\/\">Interdisciplinary Considerations about a Subgenre of the Contemporary Biographical Drama: Celebrity and Fandom in Recent Adaptations of Famous Lives for the Stage<\/a><br \/>\nM\u00e1rta Minier<\/p>\n<p><a href=\"https:\/\/www.critical-stages.org\/12\/adaptation-as-rewatching\/\">Adaptation as (Re)watching<\/a><br \/>\nKatja Krebs<\/p>\n<p><a href=\"https:\/\/www.critical-stages.org\/12\/adaptation-and-storytelling-in-the-theatre\/\">Adaptation and Storytelling in the Theatre<\/a><br \/>\nFrances Babbage<\/p>\n<p><a href=\"https:\/\/www.critical-stages.org\/12\/on-killing-children-greek-tragedies-on-british-stages-in-2015\/\">On Killing Children: Greek Tragedies on British Stages in 2015<\/a><br \/>\nMargherita Laera<\/p>\n<p><a href=\"https:\/\/www.critical-stages.org\/12\/peindre-et-repeindre-loeuvre-classique-de-danwon-theatralite-et-performance-chez-lee-ok-kyoung\/\">Peindre et repeindre l\u2019\u0153uvre classique de Danwon: th\u00e9\u00e2tralit\u00e9 et performance chez Lee Ok Kyoung<\/a><br \/>\nPatrice Pavis<\/p>\n<hr>\n<h5><span style=\"color: #ff9933;\"><a style=\"color: #ff9933;\" href=\"https:\/\/www.critical-stages.org\/12\/le-couple-don-miguel-de-cervantes-saavedra-et-don-quijote-fetent-leur-quatre-centieme-anniversaire\/\">Essays<\/a><\/span><\/h5>\n<p><img loading=\"lazy\" decoding=\"async\" data-attachment-id=\"140\" data-permalink=\"https:\/\/www.critical-stages.org\/12\/sample-page\/photo-cervantes\/\" data-orig-file=\"https:\/\/www.critical-stages.org\/12\/wp-content\/uploads\/sites\/2\/2015\/12\/PHOTO-CERVANTES.jpg\" data-orig-size=\"700,443\" data-comments-opened=\"1\" data-image-meta=\"{&quot;aperture&quot;:&quot;0&quot;,&quot;credit&quot;:&quot;&quot;,&quot;camera&quot;:&quot;&quot;,&quot;caption&quot;:&quot;&quot;,&quot;created_timestamp&quot;:&quot;0&quot;,&quot;copyright&quot;:&quot;&quot;,&quot;focal_length&quot;:&quot;0&quot;,&quot;iso&quot;:&quot;0&quot;,&quot;shutter_speed&quot;:&quot;0&quot;,&quot;title&quot;:&quot;&quot;,&quot;orientation&quot;:&quot;0&quot;}\" data-image-title=\"PHOTO CERVANTES\" data-image-description=\"\" data-image-caption=\"\" data-medium-file=\"https:\/\/www.critical-stages.org\/12\/wp-content\/uploads\/sites\/2\/2015\/12\/PHOTO-CERVANTES-300x190.jpg\" data-large-file=\"https:\/\/www.critical-stages.org\/12\/wp-content\/uploads\/sites\/2\/2015\/12\/PHOTO-CERVANTES.jpg\" class=\"alignnone size-medium wp-image-140\" src=\"https:\/\/www.critical-stages.org\/12\/wp-content\/uploads\/sites\/2\/2015\/12\/PHOTO-CERVANTES-300x190.jpg\" alt=\"PHOTO CERVANTES\" width=\"300\" height=\"190\" srcset=\"https:\/\/www.critical-stages.org\/12\/wp-content\/uploads\/sites\/2\/2015\/12\/PHOTO-CERVANTES-300x190.jpg 300w, https:\/\/www.critical-stages.org\/12\/wp-content\/uploads\/sites\/2\/2015\/12\/PHOTO-CERVANTES.jpg 700w\" sizes=\"auto, (max-width: 300px) 100vw, 300px\" \/><\/p>\n<p><a href=\"https:\/\/www.critical-stages.org\/12\/le-couple-don-miguel-de-cervantes-saavedra-et-don-quijote-fete-son-leur-quatre-centieme-anniversaire\/\">Le couple Don Miguel de Cervant\u00e8s Saavedra et Don Quijote f\u00eate son quatre centi\u00e8me anniversaire<\/a><br \/>\nIr\u00e8ne Sadowska Guillon<\/p>\n<hr>\n<h5><span style=\"color: #ff9933;\"><a style=\"color: #ff9933;\" href=\"https:\/\/www.critical-stages.org\/12\/conference-papers\/\">Conference Papers: The Critic is Present or Towards an Embodied Criticism<\/a><\/span><\/h5>\n<p>Section Editor: <strong>Ivan Medenica<\/strong> (Serbia)<\/p>\n<p><a href=\"https:\/\/www.critical-stages.org\/12\/criticism-irl-dancing-touching-sharing-or-the-critic-turns-poet\">Criticism IRL: Dancing, Touching, Sharing or: The Critic Turns Poet<\/a><br \/>\nMargareta S\u00f6renson<\/p>\n<p><a href=\"https:\/\/www.critical-stages.org\/12\/the-living-museum-of-my-generations-failure-on-the-living-museum-of-small-forgotten-and-unwanted-memories-by-joana-craveiro-teatro-do-vestido\/\">The Living Museum of my Generation\u2019s Failure: <em>On The Living Museum of Small, Forgotten and Unwanted Memories<\/em> by Joana Craveiro\/ Teatro do Vestido<\/a><br \/>\nRui Pina Coelho<\/p>\n<p><a href=\"https:\/\/www.critical-stages.org\/12\/la-reconstitution-historique-dans-la-critique-theatrale\/\">La reconstitution historique dans la critique th\u00e9\u00e2trale<\/a><br \/>\nIrina Antonova<\/p>\n<p><a href=\"https:\/\/www.critical-stages.org\/12\/in-extremis-theatre-criticism-ethics-and-the-public-sphere\/\">In Extremis: Theatre Criticism, Ethics and the Public Sphere<\/a><br \/>\nChristopher Balme<\/p>\n<hr>\n<h5><span style=\"color: #ff9933;\"><a style=\"color: #ff9933;\" href=\"https:\/\/www.critical-stages.org\/12\/performance-reviews\/\">Performance Reviews: (Inter)national (Re)viewing<\/a><\/span><\/h5>\n<p>Section Editor: <b>Matti Linnavuori<\/b> (Finland) (in collaboration with <strong>Savas Patsalidis<\/strong>, Greece)<\/p>\n<p><span style=\"color: #ff9933;\"><strong>Critics Abroad<\/strong><\/span><\/p>\n<p><a href=\"https:\/\/www.critical-stages.org\/12\/un-panorama-partiel-du-festival-de-tbilissi-en-georgie\/\">Un panorama partiel du Festival de Tbilissi en G\u00e9orgie<\/a><br \/>\nJean-Pierre Han<\/p>\n<p><a href=\"https:\/\/www.critical-stages.org\/12\/circus-cirkor-goes-beyond-thrills-at-swedish-biennale\">Circus Cirk\u00f6r Goes beyond Thrills at Swedish Biennale<\/a><br \/>\nJay Handelman<\/p>\n<p><a href=\"https:\/\/www.critical-stages.org\/12\/dancing-on-the-edge-of-the-abyss-russian-theatres-risky-response-to-repression\/\">Dancing on the Edge of the Abyss\u2014Russian Theatre\u2019s Risky Response to Repression<\/a><br \/>\nIan Herbert<\/p>\n<p><a href=\"https:\/\/www.critical-stages.org\/12\/soeurs-de-wajdi-mouawad-apocalypse-dans-une-chambre-dhotel\/\">S\u0153urs de Wajdi Mouawad : Apocalypse dans une chambre d\u2019h\u00f4tel<\/a><br \/>\nSelim Lander<\/p>\n<p><a href=\"https:\/\/www.critical-stages.org\/12\/harsh-criticism-of-the-european-fortress\/\">Harsh Criticism of the European Fortress<\/a><br \/>\nIsabella Rothberg<\/p>\n<p><a href=\"https:\/\/www.critical-stages.org\/12\/the-ship-may-be-sinking-but-in-the-czech-republic-the-band-plays-on\/\">The Ship May Be Sinking But in the Czech Republic the Band Plays On<\/a><br \/>\nMax Wyman<\/p>\n<p><a href=\"https:\/\/www.critical-stages.org\/12\/genet-and-euripides-done-excellent-justice-in-tbilisi\/\">Genet and Euripides Done Excellent Justice in Tbilisi<\/a><br \/>\nMark Brown<\/p>\n<p><span style=\"color: #ff9933;\"><strong>Critics at Home<\/strong><\/span><\/p>\n<p><a href=\"https:\/\/www.critical-stages.org\/12\/where-is-here-reconstructing-the-canadian-immigrant-experience\/\">Where is Here: Reconstructing the Canadian Immigrant Experience<\/a><br \/>\nPatricia Keeney<\/p>\n<p><a href=\"https:\/\/www.critical-stages.org\/12\/from-lapland-to-spitzbergen-with-juha-hurme\/\">From Lapland to Spitzbergen with Juha Hurme<\/a><br \/>\nMatti Linnavuori<\/p>\n<p><a href=\"https:\/\/www.critical-stages.org\/12\/caramitru-prospero-and-the-apocalypse-generation\/\">Caramitru\u2014Prospero and the Apocalypse Generation<\/a><br \/>\nLudmila Patlanjoglu<\/p>\n<p><a href=\"https:\/\/www.critical-stages.org\/12\/un-match-du-siecle-sur-lechiquier-du-monde\/\">Un match du si\u00e8cle sur l\u2019\u00e9chiquier du monde<\/a><br \/>\nIr\u00e8ne Sadowska-Guillon<\/p>\n<p><a href=\"https:\/\/www.critical-stages.org\/12\/transgressing-spaces-genres-and-gender\/\">Transgressing Spaces, Genres and Gender<\/a><br \/>\nRita Sebesty\u00e9n<\/p>\n<p><a href=\"https:\/\/www.critical-stages.org\/12\/neta-festival-a-hero-of-a-hot-summer\/\">NETA Festival\u2014A Hero of a Hot Summer<\/a><br \/>\nMaria Z\u0103rnescu<\/p>\n<hr>\n<h5><span style=\"color: #ff9933;\"><a style=\"color: #ff9933;\" href=\"https:\/\/www.critical-stages.org\/12\/book-reviews\/\">Book Reviews<\/a><\/span><\/h5>\n<p>Section Editor: <strong>Don Rubin<\/strong> (Canada)<\/p>\n<p><a href=\"https:\/\/www.critical-stages.org\/12\/the-jamaican-theatre-highlights-of-the-performing-arts-in-the-twentieth-century\/\">The Jamaican Theatre: Highlights of the Performing Arts in the Twentieth Century<\/a><br \/>\nBy Wycliffe Bennett and Hazel Bennett.&nbsp;362 pp. Jamaica: University of the West Indies Press.&nbsp;Reviewed by Alvina Ruprecht.<\/p>\n<p><a href=\"https:\/\/www.critical-stages.org\/12\/artist-on-the-make-david-mamets-work-across-media-and-genres\">Artist on the Make: David Mamet\u2019s Work across Media and Genres<br \/>\n<\/a>By Christophe Collard.&nbsp;366 pp. Nancy, France: Presses Universitaires de Nancy.&nbsp;Reviewed by Thomas Irmer.<\/p>\n<p><a href=\"https:\/\/www.critical-stages.org\/12\/the-cambridge-encyclopedia-of-stage-actors-and-acting\/\">The Cambridge Encyclopedia of Stage Actors and Acting<br \/>\n<\/a>Edited by Simon Williams.&nbsp;694 pp. UK: Cambridge University Press, 2015.&nbsp;Reviewed by Don Rubin.<\/p>\n<hr>\n<h5><span style=\"color: #ff9933;\"><a style=\"color: #ff9933;\" href=\"https:\/\/www.critical-stages.org\/12\/critics-on-criticism\/\">Critics on Criticism<\/a><\/span><\/h5>\n<p><a href=\"https:\/\/www.critical-stages.org\/12\/the-politics-of-the-preview-on-a-london-controversy\">The Politics of the Preview\u2014on a London Controversy<\/a><br \/>\nMark Brown<\/p>\n","protected":false},"excerpt":{"rendered":"<p>Table of Contents Editorial \/ \u00c9ditorial Savas Patsalidis (editor-in-chief) Interviews: Playwrights on Playwriting Section Guest Editor: Katayoun H. Salmasi (Iran) The Playwright is a Labourer of Love Interview with Femi Osofisan by&nbsp;Olakunbi Olasope Un th\u00e9\u00e2tre d\u00e9mystificateur, critiques et briseurs de<\/p>\n","protected":false},"author":1,"featured_media":0,"parent":0,"menu_order":0,"comment_status":"closed","ping_status":"open","template":"","meta":{"jetpack_post_was_ever_published":false,"footnotes":""},"class_list":["post-2","page","type-page","status-publish","hentry","","tg-column-two"],"jetpack_sharing_enabled":true,"jetpack_shortlink":"https:\/\/wp.me\/P9xLnm-2","_links":{"self":[{"href":"https:\/\/www.critical-stages.org\/12\/wp-json\/wp\/v2\/pages\/2","targetHints":{"allow":["GET"]}}],"collection":[{"href":"https:\/\/www.critical-stages.org\/12\/wp-json\/wp\/v2\/pages"}],"about":[{"href":"https:\/\/www.critical-stages.org\/12\/wp-json\/wp\/v2\/types\/page"}],"author":[{"embeddable":true,"href":"https:\/\/www.critical-stages.org\/12\/wp-json\/wp\/v2\/users\/1"}],"replies":[{"embeddable":true,"href":"https:\/\/www.critical-stages.org\/12\/wp-json\/wp\/v2\/comments?post=2"}],"version-history":[{"count":2,"href":"https:\/\/www.critical-stages.org\/12\/wp-json\/wp\/v2\/pages\/2\/revisions"}],"predecessor-version":[{"id":914,"href":"https:\/\/www.critical-stages.org\/12\/wp-json\/wp\/v2\/pages\/2\/revisions\/914"}],"wp:attachment":[{"href":"https:\/\/www.critical-stages.org\/12\/wp-json\/wp\/v2\/media?parent=2"}],"curies":[{"name":"wp","href":"https:\/\/api.w.org\/{rel}","templated":true}]}}